{"id":11742,"date":"2024-12-17T15:32:08","date_gmt":"2024-12-17T14:32:08","guid":{"rendered":"https:\/\/icoprevencio.cat\/uct\/?page_id=11742"},"modified":"2025-07-15T13:31:24","modified_gmt":"2025-07-15T12:31:24","slug":"gam-cat","status":"publish","type":"page","link":"https:\/\/icoprevencio.cat\/uct\/gam-cat\/","title":{"rendered":"GAM-CAT"},"content":{"rendered":"\n<div class=\"wp-block-uagb-container uagb-block-709c37ea alignfull uagb-is-root-container\"><div class=\"uagb-container-inner-blocks-wrap\">\n<div class=\"wp-block-uagb-info-box uagb-block-353171f0 uagb-infobox__content-wrap  uagb-infobox-icon-above-title uagb-infobox-image-valign-top wp-block-uagb-info-box--has-margin\"><div class=\"uagb-infobox-margin-wrapper\"><div class=\"uagb-ifb-content\"><div class=\"uagb-ifb-title-wrap\"><h2 class=\"uagb-ifb-title\"><strong>Projectes en curs<\/strong><\/h2><\/div><\/div><\/div><\/div>\n<\/div><\/div>\n\n\n\n<div style=\"height:60px\" aria-hidden=\"true\" class=\"wp-block-spacer\"><\/div>\n\n\n\n<div class=\"wp-block-uagb-image uagb-block-71d5725e wp-block-uagb-image--layout-default wp-block-uagb-image--effect-static wp-block-uagb-image--align-none\"><figure class=\"wp-block-uagb-image__figure\"><img decoding=\"async\" src=\"https:\/\/icoprevencio.cat\/uct\/wp-content\/uploads\/sites\/10\/2024\/11\/Logo-GamCat.jpg\" alt=\"\" class=\"uag-image-11714\" width=\"391\" height=\"92\" title=\"Logo-GamCat\" loading=\"lazy\" role=\"img\" \/><\/figure><\/div>\n\n\n\n<div class=\"wp-block-uagb-info-box uagb-block-9271b190 uagb-infobox__content-wrap  uagb-infobox-icon-above-title uagb-infobox-image-valign-top wp-block-uagb-info-box--has-margin\"><div class=\"uagb-infobox-margin-wrapper\"><div class=\"uagb-ifb-content\"><div class=\"uagb-ifb-title-wrap\"><h3 class=\"uagb-ifb-title\">Acceptabilitat, factibilitat i efic\u00e0cia d\u2019una aplicaci\u00f3 gamificada co-dissenyada amb els usuaris per monitoritzar el consum de c\u00e0nnabis i tabac: estudi GAM-CaT<\/h3><\/div><p class=\"uagb-ifb-desc\">El c\u00e0nnabis \u00e9s la droga il\u00b7legal m\u00e9s consumida a Espanya. En els \u00faltims anys ha augmentat notablement el n\u00famero de persones que s\u2019inscriuen a programes d\u2019ab\u00fas de subst\u00e0ncies perqu\u00e8 volen deixar o reduir el seu consum de c\u00e0nnabis. La majoria dels consumidors de c\u00e0nnabis son tamb\u00e9 consumidors de tabac i el patr\u00f3 de consum co-\u00fas d\u2019ambdues subst\u00e0ncies \u00e9s cada vegada m\u00e9s freq\u00fcent en els pa\u00efsos occidentals. Malgrat aix\u00f2, la caracteritzaci\u00f3 d\u2019aquest patr\u00f3 de consum i dels s\u00edmptomes d\u2019abstin\u00e8ncia associats al \u00fas dual d\u2019ambdues subst\u00e0ncies est\u00e0 poc descrit; entre altres raons per la complexitat de les vies de consum i la multitud de productes utilitzats per consumit tant c\u00e0nnabis com tabac, fet que dificulta la distribuci\u00f3 dels s\u00edmptomes d\u2019abstin\u00e8ncia entre ambdues subst\u00e0ncies.<br><\/p><\/div><\/div><\/div>\n\n\n<div class=\"wp-block-uagb-faq uagb-faq__outer-wrap uagb-block-07d58159 uagb-faq-icon-row-reverse uagb-faq-layout-accordion uagb-faq-expand-first-false uagb-faq-inactive-other-true uagb-faq__wrap uagb-buttons-layout-wrap uagb-faq-equal-height     \" data-faqtoggle=\"true\" role=\"tablist\"><div class=\"wp-block-uagb-faq-child uagb-faq-child__outer-wrap uagb-faq-item uagb-block-24e60ec9 \" role=\"tab\" tabindex=\"0\"><div class=\"uagb-faq-questions-button uagb-faq-questions\">\t\t\t<span class=\"uagb-icon uagb-faq-icon-wrap\">\n\t\t\t\t\t\t\t\t<svg xmlns=\"https:\/\/www.w3.org\/2000\/svg\" viewBox= \"0 0 448 512\"><path d=\"M432 256c0 17.69-14.33 32.01-32 32.01H256v144c0 17.69-14.33 31.99-32 31.99s-32-14.3-32-31.99v-144H48c-17.67 0-32-14.32-32-32.01s14.33-31.99 32-31.99H192v-144c0-17.69 14.33-32.01 32-32.01s32 14.32 32 32.01v144h144C417.7 224 432 238.3 432 256z\"><\/path><\/svg>\n\t\t\t\t\t\t\t<\/span>\n\t\t\t\t\t\t<span class=\"uagb-icon-active uagb-faq-icon-wrap\">\n\t\t\t\t\t\t\t<\/span>\n\t\t\t<span class=\"uagb-question\">Objectius<\/span><\/div><div class=\"uagb-faq-content\"><p>Avaluar l\u2019acceptabilitat, factibilitat i efectivitat d\u2019una aplicaci\u00f3 m\u00f2bil (app) gamificada co-dissenyada amb persones que comencen \u00a0un proc\u00e9s d\u2019abandonament o reducci\u00f3 del consum de c\u00e0nnabis \u2013 dirigida al seguiment cl\u00ednic i la monitoritzaci\u00f3 del patr\u00f3 de consum i canvis de consum, s\u00edndrome d\u2019abstin\u00e8ncia i adher\u00e8ncia al tractament.<br><\/p><\/div><\/div><div class=\"wp-block-uagb-faq-child uagb-faq-child__outer-wrap uagb-faq-item uagb-block-7502faf6 \" role=\"tab\" tabindex=\"0\"><div class=\"uagb-faq-questions-button uagb-faq-questions\">\t\t\t<span class=\"uagb-icon uagb-faq-icon-wrap\">\n\t\t\t\t\t\t\t\t<svg xmlns=\"https:\/\/www.w3.org\/2000\/svg\" viewBox= \"0 0 448 512\"><path d=\"M432 256c0 17.69-14.33 32.01-32 32.01H256v144c0 17.69-14.33 31.99-32 31.99s-32-14.3-32-31.99v-144H48c-17.67 0-32-14.32-32-32.01s14.33-31.99 32-31.99H192v-144c0-17.69 14.33-32.01 32-32.01s32 14.32 32 32.01v144h144C417.7 224 432 238.3 432 256z\"><\/path><\/svg>\n\t\t\t\t\t\t\t<\/span>\n\t\t\t\t\t\t<span class=\"uagb-icon-active uagb-faq-icon-wrap\">\n\t\t\t\t\t\t\t<\/span>\n\t\t\t<span class=\"uagb-question\">M\u00e8todes<\/span><\/div><div class=\"uagb-faq-content\"><p>Recerca de m\u00e8todes mixtes formada per tres estudis.<br><br>Estudi I: estudi qualitatiu d\u2019acci\u00f3 participaci\u00f3 dirigida a explorar les experi\u00e8ncies i prefer\u00e8ncies dels consumidors de c\u00e0nnabis sobre l\u2019\u00fas d\u2019apps. Aquesta informaci\u00f3 ser\u00e0 fonamental en el co-disseny de l\u2019app gamificada.<br><br>Estudi II: estudi prospectiu longitudinal dirigit a avaluar la implementaci\u00f3 (acceptabilitat, fidelitat, etc.) de l\u2019app i la seva efectivitat en l\u2019estudi dels canvis en diversos resultats conductuals (abstin\u00e8ncia, reducci\u00f3 del consum de c\u00e0nnabis-tabac, etc.) en comparaci\u00f3 de la cohort hist\u00f2rica. Mida de la mostra: RR esperat =1,20, \u03b1 = 0,05, \u03b2 = 0,20, p\u00e8rdua = 20% (n=282). An\u00e0lisis; incid\u00e8ncia, risc relatiu mitjan\u00e7ant models de regressi\u00f3 de Cox (RR i intervals de confian\u00e7a al 95%) i Machine Learning, per estimar la probabilitat de canvis (recaiguda\/reducci\u00f3).<br><br>Estudi III: estudi fenomenol\u00f2gic per explorar les experi\u00e8ncies dels participants, amb an\u00e0lisis de contingut tem\u00e0tic i triangulaci\u00f3 de resultats qualitatius i quantitatius.<\/p><\/div><\/div><div class=\"wp-block-uagb-faq-child uagb-faq-child__outer-wrap uagb-faq-item uagb-block-076be222 \" role=\"tab\" tabindex=\"0\"><div class=\"uagb-faq-questions-button uagb-faq-questions\">\t\t\t<span class=\"uagb-icon uagb-faq-icon-wrap\">\n\t\t\t\t\t\t\t\t<svg xmlns=\"https:\/\/www.w3.org\/2000\/svg\" viewBox= \"0 0 448 512\"><path d=\"M432 256c0 17.69-14.33 32.01-32 32.01H256v144c0 17.69-14.33 31.99-32 31.99s-32-14.3-32-31.99v-144H48c-17.67 0-32-14.32-32-32.01s14.33-31.99 32-31.99H192v-144c0-17.69 14.33-32.01 32-32.01s32 14.32 32 32.01v144h144C417.7 224 432 238.3 432 256z\"><\/path><\/svg>\n\t\t\t\t\t\t\t<\/span>\n\t\t\t\t\t\t<span class=\"uagb-icon-active uagb-faq-icon-wrap\">\n\t\t\t\t\t\t\t<\/span>\n\t\t\t<span class=\"uagb-question\">Duraci\u00f3<\/span><\/div><div class=\"uagb-faq-content\"><p>3 anys (gener 2022-2024)<br><\/p><\/div><\/div><div class=\"wp-block-uagb-faq-child uagb-faq-child__outer-wrap uagb-faq-item uagb-block-f17a63bd \" role=\"tab\" tabindex=\"0\"><div class=\"uagb-faq-questions-button uagb-faq-questions\">\t\t\t<span class=\"uagb-icon uagb-faq-icon-wrap\">\n\t\t\t\t\t\t\t\t<svg xmlns=\"https:\/\/www.w3.org\/2000\/svg\" viewBox= \"0 0 448 512\"><path d=\"M432 256c0 17.69-14.33 32.01-32 32.01H256v144c0 17.69-14.33 31.99-32 31.99s-32-14.3-32-31.99v-144H48c-17.67 0-32-14.32-32-32.01s14.33-31.99 32-31.99H192v-144c0-17.69 14.33-32.01 32-32.01s32 14.32 32 32.01v144h144C417.7 224 432 238.3 432 256z\"><\/path><\/svg>\n\t\t\t\t\t\t\t<\/span>\n\t\t\t\t\t\t<span class=\"uagb-icon-active uagb-faq-icon-wrap\">\n\t\t\t\t\t\t\t<\/span>\n\t\t\t<span class=\"uagb-question\">Finan\u00e7ament<\/span><\/div><div class=\"uagb-faq-content\"><p>FIS PI21\/00699\u00a0 dotada amb 62.920,00 \u20ac<br><\/p><\/div><\/div><div class=\"wp-block-uagb-faq-child uagb-faq-child__outer-wrap uagb-faq-item uagb-block-8b0e255c \" role=\"tab\" tabindex=\"0\"><div class=\"uagb-faq-questions-button uagb-faq-questions\">\t\t\t<span class=\"uagb-icon uagb-faq-icon-wrap\">\n\t\t\t\t\t\t\t\t<svg xmlns=\"https:\/\/www.w3.org\/2000\/svg\" viewBox= \"0 0 448 512\"><path d=\"M432 256c0 17.69-14.33 32.01-32 32.01H256v144c0 17.69-14.33 31.99-32 31.99s-32-14.3-32-31.99v-144H48c-17.67 0-32-14.32-32-32.01s14.33-31.99 32-31.99H192v-144c0-17.69 14.33-32.01 32-32.01s32 14.32 32 32.01v144h144C417.7 224 432 238.3 432 256z\"><\/path><\/svg>\n\t\t\t\t\t\t\t<\/span>\n\t\t\t\t\t\t<span class=\"uagb-icon-active uagb-faq-icon-wrap\">\n\t\t\t\t\t\t\t<\/span>\n\t\t\t<span class=\"uagb-question\">Coordinaci\u00f3<\/span><\/div><div class=\"uagb-faq-content\"><p>Dra. Cristina Mart\u00ednez de l\u2019 Institut Catal\u00e0 d\u2019Oncologia<br><\/p><\/div><\/div><div class=\"wp-block-uagb-faq-child uagb-faq-child__outer-wrap uagb-faq-item uagb-block-43ba4076 \" role=\"tab\" tabindex=\"0\"><div class=\"uagb-faq-questions-button uagb-faq-questions\">\t\t\t<span class=\"uagb-icon uagb-faq-icon-wrap\">\n\t\t\t\t\t\t\t\t<svg xmlns=\"https:\/\/www.w3.org\/2000\/svg\" viewBox= \"0 0 448 512\"><path d=\"M432 256c0 17.69-14.33 32.01-32 32.01H256v144c0 17.69-14.33 31.99-32 31.99s-32-14.3-32-31.99v-144H48c-17.67 0-32-14.32-32-32.01s14.33-31.99 32-31.99H192v-144c0-17.69 14.33-32.01 32-32.01s32 14.32 32 32.01v144h144C417.7 224 432 238.3 432 256z\"><\/path><\/svg>\n\t\t\t\t\t\t\t<\/span>\n\t\t\t\t\t\t<span class=\"uagb-icon-active uagb-faq-icon-wrap\">\n\t\t\t\t\t\t\t<\/span>\n\t\t\t<span class=\"uagb-question\">Equip investigador<\/span><\/div><div class=\"uagb-faq-content\"><p><a href=\"https:\/\/icoprevencio.cat\/uct\/es\/member\/cristina-martinez\/\">Cristina Mart\u00ednez<\/a>, Institut Catal\u00e0 d\u2019Oncologia (IP)<br><a href=\"https:\/\/icoprevencio.cat\/uct\/es\/member\/montse-ballbe\/\">Montse Ballb\u00e8<\/a>, Institut Catal\u00e0 d\u2019Oncologia<br><a href=\"https:\/\/icoprevencio.cat\/uct\/es\/member\/ariadna-feliu\/\">Ariadna Feliu<\/a>, Institut Catal\u00e0 d\u2019Oncologia<br><a href=\"https:\/\/icoprevencio.cat\/uct\/member\/marta-enriquez\/\">Marta Enr\u00edquez<\/a>, Institut Catal\u00e0 d&#8217;Oncologia<br><a href=\"https:\/\/icoprevencio.cat\/uct\/es\/member\/yolanda\/\">Yolanda Castellano<\/a>, Institut Catal\u00e0 d\u2019Oncologia<br>Marga Pla, Universitat de Barcelona<br>Petia Radeva, Universitat de Barcelona<br>Elena Maestre, Universitat de Barcelona<br>Ana Andr\u00e9s, Universitat Ramon Llull<br>Joseph Guydish, University of Calif\u00f2rnia San Francisco<br>Joan Colom, Ag\u00e8ncia de Salut P\u00fablica de Catalunya<br>Carmen Cabezas, Ag\u00e8ncia de Salut P\u00fablica de Catalunya<br>Xavier Roca, Hospital de la Santa Creu i Sant Pau<br>Silvia Mondon, Hospital Cl\u00ednic i Provincial de Barcelona<br>Magal\u00ed Andreu , Hospital Cl\u00ednic i Provincial de Barcelona<br>Pablo Barrio , Hospital Cl\u00ednic i Provincial de Barcelona<br>Jordi Bernabeu , Fundaci\u00f3 Althaia<br>Ant\u00f2nia Raich, Fundaci\u00f3 Althaia<br>Jordi Vilaplana, Universitat de Lleida<\/p><\/div><\/div><div class=\"wp-block-uagb-faq-child uagb-faq-child__outer-wrap uagb-faq-item uagb-block-faa63e9c \" role=\"tab\" tabindex=\"0\"><div class=\"uagb-faq-questions-button uagb-faq-questions\">\t\t\t<span class=\"uagb-icon uagb-faq-icon-wrap\">\n\t\t\t\t\t\t\t\t<svg xmlns=\"https:\/\/www.w3.org\/2000\/svg\" viewBox= \"0 0 448 512\"><path d=\"M432 256c0 17.69-14.33 32.01-32 32.01H256v144c0 17.69-14.33 31.99-32 31.99s-32-14.3-32-31.99v-144H48c-17.67 0-32-14.32-32-32.01s14.33-31.99 32-31.99H192v-144c0-17.69 14.33-32.01 32-32.01s32 14.32 32 32.01v144h144C417.7 224 432 238.3 432 256z\"><\/path><\/svg>\n\t\t\t\t\t\t\t<\/span>\n\t\t\t\t\t\t<span class=\"uagb-icon-active uagb-faq-icon-wrap\">\n\t\t\t\t\t\t\t<\/span>\n\t\t\t<span class=\"uagb-question\">Publicacions cient\u00edfiques<\/span><\/div><div class=\"uagb-faq-content\"><p>&#8211; <a href=\"https:\/\/www.researchprotocols.org\/2024\/1\/e58335\">Patterns of Use and Withdrawal Syndrome in Dual Cannabis and Tobacco Users (DuCATA_GAM-CAT): Protocol for a Mixed Methods Study<\/a><br><\/p><\/div><\/div><\/div>\n\n\n<div style=\"height:131px\" aria-hidden=\"true\" class=\"wp-block-spacer\"><\/div>\n\n\n\n<p><\/p>\n","protected":false},"excerpt":{"rendered":"","protected":false},"author":28,"featured_media":0,"parent":0,"menu_order":0,"comment_status":"closed","ping_status":"closed","template":"","meta":{"_uag_custom_page_level_css":"","site-sidebar-layout":"default","site-content-layout":"","ast-site-content-layout":"default","site-content-style":"default","site-sidebar-style":"default","ast-global-header-display":"","ast-banner-title-visibility":"","ast-main-header-display":"","ast-hfb-above-header-display":"","ast-hfb-below-header-display":"","ast-hfb-mobile-header-display":"","site-post-title":"disabled","ast-breadcrumbs-content":"","ast-featured-img":"","footer-sml-layout":"","ast-disable-related-posts":"","theme-transparent-header-meta":"","adv-header-id-meta":"","stick-header-meta":"","header-above-stick-meta":"","header-main-stick-meta":"","header-below-stick-meta":"","astra-migrate-meta-layouts":"set","ast-page-background-enabled":"default","ast-page-background-meta":{"desktop":{"background-color":"var(--ast-global-color-4)","background-image":"","background-repeat":"repeat","background-position":"center center","background-size":"auto","background-attachment":"scroll","background-type":"","background-media":"","overlay-type":"","overlay-color":"","overlay-opacity":"","overlay-gradient":""},"tablet":{"background-color":"","background-image":"","background-repeat":"repeat","background-position":"center center","background-size":"auto","background-attachment":"scroll","background-type":"","background-media":"","overlay-type":"","overlay-color":"","overlay-opacity":"","overlay-gradient":""},"mobile":{"background-color":"","background-image":"","background-repeat":"repeat","background-position":"center center","background-size":"auto","background-attachment":"scroll","background-type":"","background-media":"","overlay-type":"","overlay-color":"","overlay-opacity":"","overlay-gradient":""}},"ast-content-background-meta":{"desktop":{"background-color":"var(--ast-global-color-5)","background-image":"","background-repeat":"repeat","background-position":"center center","background-size":"auto","background-attachment":"scroll","background-type":"","background-media":"","overlay-type":"","overlay-color":"","overlay-opacity":"","overlay-gradient":""},"tablet":{"background-color":"var(--ast-global-color-5)","background-image":"","background-repeat":"repeat","background-position":"center center","background-size":"auto","background-attachment":"scroll","background-type":"","background-media":"","overlay-type":"","overlay-color":"","overlay-opacity":"","overlay-gradient":""},"mobile":{"background-color":"var(--ast-global-color-5)","background-image":"","background-repeat":"repeat","background-position":"center center","background-size":"auto","background-attachment":"scroll","background-type":"","background-media":"","overlay-type":"","overlay-color":"","overlay-opacity":"","overlay-gradient":""}},"_vp_format_video_url":"","_vp_image_focal_point":[],"footnotes":""},"class_list":["post-11742","page","type-page","status-publish","hentry"],"uagb_featured_image_src":{"full":false,"thumbnail":false,"medium":false,"medium_large":false,"large":false,"1536x1536":false,"2048x2048":false,"vp_sm":false,"vp_md":false,"vp_lg":false,"vp_xl":false,"vp_sm_popup":false,"vp_md_popup":false,"vp_xl_popup":false},"uagb_author_info":{"display_name":"clara","author_link":"https:\/\/icoprevencio.cat\/uct\/author\/clara\/"},"uagb_comment_info":0,"uagb_excerpt":null,"_links":{"self":[{"href":"https:\/\/icoprevencio.cat\/uct\/wp-json\/wp\/v2\/pages\/11742","targetHints":{"allow":["GET"]}}],"collection":[{"href":"https:\/\/icoprevencio.cat\/uct\/wp-json\/wp\/v2\/pages"}],"about":[{"href":"https:\/\/icoprevencio.cat\/uct\/wp-json\/wp\/v2\/types\/page"}],"author":[{"embeddable":true,"href":"https:\/\/icoprevencio.cat\/uct\/wp-json\/wp\/v2\/users\/28"}],"replies":[{"embeddable":true,"href":"https:\/\/icoprevencio.cat\/uct\/wp-json\/wp\/v2\/comments?post=11742"}],"version-history":[{"count":6,"href":"https:\/\/icoprevencio.cat\/uct\/wp-json\/wp\/v2\/pages\/11742\/revisions"}],"predecessor-version":[{"id":13064,"href":"https:\/\/icoprevencio.cat\/uct\/wp-json\/wp\/v2\/pages\/11742\/revisions\/13064"}],"wp:attachment":[{"href":"https:\/\/icoprevencio.cat\/uct\/wp-json\/wp\/v2\/media?parent=11742"}],"curies":[{"name":"wp","href":"https:\/\/api.w.org\/{rel}","templated":true}]}}