{"id":12167,"date":"2024-12-18T15:15:40","date_gmt":"2024-12-18T14:15:40","guid":{"rendered":"https:\/\/icoprevencio.cat\/uct\/?page_id=12167"},"modified":"2025-07-18T08:33:52","modified_gmt":"2025-07-18T07:33:52","slug":"jatc1","status":"publish","type":"page","link":"https:\/\/icoprevencio.cat\/uct\/jatc1\/","title":{"rendered":"JATC1"},"content":{"rendered":"\n<div class=\"wp-block-uagb-container uagb-block-709c37ea alignfull uagb-is-root-container\"><div class=\"uagb-container-inner-blocks-wrap\">\n<div class=\"wp-block-uagb-info-box uagb-block-353171f0 uagb-infobox__content-wrap  uagb-infobox-icon-above-title uagb-infobox-image-valign-top wp-block-uagb-info-box--has-margin\"><div class=\"uagb-infobox-margin-wrapper\"><div class=\"uagb-ifb-content\"><div class=\"uagb-ifb-title-wrap\"><h2 class=\"uagb-ifb-title\"><strong>Projectes anteriors<\/strong><\/h2><\/div><\/div><\/div><\/div>\n<\/div><\/div>\n\n\n\n<div style=\"height:60px\" aria-hidden=\"true\" class=\"wp-block-spacer\"><\/div>\n\n\n\n<div class=\"wp-block-uagb-image uagb-block-71d5725e wp-block-uagb-image--layout-default wp-block-uagb-image--effect-static wp-block-uagb-image--align-none\"><figure class=\"wp-block-uagb-image__figure\"><img decoding=\"async\" src=\"https:\/\/icoprevencio.cat\/uct\/wp-content\/uploads\/sites\/10\/2024\/12\/JATC.jpg\" alt=\"\" class=\"uag-image-12132\" width=\"550\" height=\"210\" title=\"JATC\" loading=\"lazy\" role=\"img\" \/><\/figure><\/div>\n\n\n\n<div class=\"wp-block-uagb-info-box uagb-block-9271b190 uagb-infobox__content-wrap  uagb-infobox-icon-above-title uagb-infobox-image-valign-top wp-block-uagb-info-box--has-margin\"><div class=\"uagb-infobox-margin-wrapper\"><div class=\"uagb-ifb-content\"><div class=\"uagb-ifb-title-wrap\"><h3 class=\"uagb-ifb-title\">Acci\u00f3 conjunta sobre el control del tabac<\/h3><\/div><p class=\"uagb-ifb-desc\">El consum de cigarretes i altres formes de tabac es considera la causa m\u00e9s important de morbiditat i mortalitat preco\u00e7 a tot el m\u00f3n. Els esfor\u00e7os per reduir la devastaci\u00f3 de morts i malalties relacionades amb el tabac a la Uni\u00f3 Europea consisteixen en la Directiva sobre els Productes del Tabac (TPD) i la Conveni Marc de l\u2019Organitzaci\u00f3 Mundial de la Salut (OMS) sobre el Control del Tabac (CMCT). El TPD estableix normes que regulen la fabricaci\u00f3, presentaci\u00f3 i venda de tabac i productes afins. El TPD estipula que els Estats membres exigeixen que els fabricants i importadors de productes del tabac lliurin a la informaci\u00f3 de les seves autoritats competents informaci\u00f3 a trav\u00e9s d\u2019una porta d\u2019entrada comuna (EU-CEG): una eina inform\u00e0tica dissenyada per garantir una aplicaci\u00f3 uniforme de les obligacions d\u2019informaci\u00f3 i notificaci\u00f3, harmonitzar la presentaci\u00f3 de dades, facilita la comparaci\u00f3 i redueix la c\u00e0rrega administrativa.<\/p><\/div><\/div><\/div>\n\n\n<div class=\"wp-block-uagb-faq uagb-faq__outer-wrap uagb-block-07d58159 uagb-faq-icon-row-reverse uagb-faq-layout-accordion uagb-faq-expand-first-false uagb-faq-inactive-other-true uagb-faq__wrap uagb-buttons-layout-wrap uagb-faq-equal-height     \" data-faqtoggle=\"true\" role=\"tablist\"><div class=\"wp-block-uagb-faq-child uagb-faq-child__outer-wrap uagb-faq-item uagb-block-24e60ec9 \" role=\"tab\" tabindex=\"0\"><div class=\"uagb-faq-questions-button uagb-faq-questions\">\t\t\t<span class=\"uagb-icon uagb-faq-icon-wrap\">\n\t\t\t\t\t\t\t\t<svg xmlns=\"https:\/\/www.w3.org\/2000\/svg\" viewBox= \"0 0 448 512\"><path d=\"M432 256c0 17.69-14.33 32.01-32 32.01H256v144c0 17.69-14.33 31.99-32 31.99s-32-14.3-32-31.99v-144H48c-17.67 0-32-14.32-32-32.01s14.33-31.99 32-31.99H192v-144c0-17.69 14.33-32.01 32-32.01s32 14.32 32 32.01v144h144C417.7 224 432 238.3 432 256z\"><\/path><\/svg>\n\t\t\t\t\t\t\t<\/span>\n\t\t\t\t\t\t<span class=\"uagb-icon-active uagb-faq-icon-wrap\">\n\t\t\t\t\t\t\t<\/span>\n\t\t\t<span class=\"uagb-question\"><strong>Objectius<\/strong><\/span><\/div><div class=\"uagb-faq-content\"><p>L\u2019objectiu general de l\u2019Acci\u00f3 Conjunta sobre el Control del Tabac ser\u00e0 donar suport a la implementaci\u00f3 del TPD en els 28 Estats membres de la UE a trav\u00e9s de la an\u00e0lisis de dades EU-CEG, el suport de col\u00b7laboracions de laboratori i l\u2019esfor\u00e7 per avaluar els additius prioritaris.<br><br>Els objectius espec\u00edfics del projecte s\u00f3n:<br>&#8211; Assegurar la coordinaci\u00f3 i l\u2019avaluaci\u00f3 adequades de la informaci\u00f3 rebuda<br>&#8211; Donar suport a la difusi\u00f3 d\u2019informaci\u00f3 al p\u00fablic, als reguladors i als investigadors<br>&#8211; Millorar la facilitat d\u2019acc\u00e9s a les dades recopilades a trav\u00e9s de la UE-CEG<br>&#8211; Monitoritzar i donar suport a les tasques de regulaci\u00f3 de productes del tabac i cigarretes electr\u00f2niques<br>&#8211; Assistir a la creaci\u00f3 de xarxes d\u2019EM de la UE i col\u00b7laboracions entre laboratoris per a l\u2019avaluaci\u00f3 del tabac<br>&#8211; Donar suport a la UE en el proc\u00e9s de seguiment i actualitzaci\u00f3 dels additius prioritaris<br>&#8211; Integrar els resultats del JATC en les pol\u00edtiques nacionals<br><\/p><\/div><\/div><div class=\"wp-block-uagb-faq-child uagb-faq-child__outer-wrap uagb-faq-item uagb-block-9be3fce9 \" role=\"tab\" tabindex=\"0\"><div class=\"uagb-faq-questions-button uagb-faq-questions\">\t\t\t<span class=\"uagb-icon uagb-faq-icon-wrap\">\n\t\t\t\t\t\t\t\t<svg xmlns=\"https:\/\/www.w3.org\/2000\/svg\" viewBox= \"0 0 448 512\"><path d=\"M432 256c0 17.69-14.33 32.01-32 32.01H256v144c0 17.69-14.33 31.99-32 31.99s-32-14.3-32-31.99v-144H48c-17.67 0-32-14.32-32-32.01s14.33-31.99 32-31.99H192v-144c0-17.69 14.33-32.01 32-32.01s32 14.32 32 32.01v144h144C417.7 224 432 238.3 432 256z\"><\/path><\/svg>\n\t\t\t\t\t\t\t<\/span>\n\t\t\t\t\t\t<span class=\"uagb-icon-active uagb-faq-icon-wrap\">\n\t\t\t\t\t\t\t<\/span>\n\t\t\t<span class=\"uagb-question\"><strong>Metodologia<\/strong><\/span><\/div><div class=\"uagb-faq-content\"><p>Objectiu 1: S\u2019utilitzen les dades de l\u2019Enquesta Nacional de Salut d\u2019Espanya (ENSE) 2011-12. Es descriu la poblaci\u00f3 a risc en tot el territori espanyol i estratificat per sexe i per comunitat aut\u00f2noma.<br><br>Objectiu 2: S\u2019explora la hist\u00f2ria cl\u00ednica electr\u00f2nica d\u2019Atenci\u00f3 Prim\u00e0ria. Se selecciona la poblaci\u00f3 assignada i la poblaci\u00f3 atesa a la Regi\u00f3 Sanit\u00e0ria de Barcelona considerant dos grups d\u2019edat: 35-49 anys (potencialment a risc) i 50-75 anys (alt risc). Es comparen els resultats amb la proporci\u00f3 te\u00f2rica obtinguda amb l\u2019ENSE i es calculen intervals de confian\u00e7a de proporcions per estimar difer\u00e8ncies estad\u00edsticament significatives entre ambd\u00f3s grups.<br><br>Objectiu 3: S\u2019estudia una cohort hipot\u00e8tica amb les caracter\u00edstiques de la poblaci\u00f3 adulta amb alt risc de desenvolupar un c\u00e0ncer de pulm\u00f3 i de la poblaci\u00f3 potencialment a risc utilitzant les dades de l\u2019ENSE 2011-12. Es combinen intervencions de prevenci\u00f3 prim\u00e0ria i secund\u00e0ria aplicades a grups de poblaci\u00f3 d\u2019alt risc i potencialment a risc: intervenci\u00f3 breu per deixar de fumar, tractament intensiu per deixar de fumar i cribratge organitzat. Per determinar l\u2019efic\u00e0cia de cadascuna de les intervencions es realitza una revisi\u00f3 sistem\u00e0tica de la literatura per obtenir diferents percentatges d\u2019abandonament del consum. Es compara l\u2019escenari basal (no intervenci\u00f3) amb tres estrat\u00e8gies preventives, que combinen intervencions de prevenci\u00f3 prim\u00e0ria i secund\u00e0ria aplicades a ambd\u00f3s grups de poblaci\u00f3.<br><br>Objectiu 4: Es considera la poblaci\u00f3 a risc calculada a partir de l\u2019ENSE 2011-12. S\u2019estimen i comparen dos escenaris, l\u2019escenari actual i nous escenaris hipot\u00e8tics derivats de la introducci\u00f3 de les diferents estrat\u00e8gies, contemplant diferents percentatges d\u2019implementaci\u00f3 de les intervencions.<\/p><\/div><\/div><div class=\"wp-block-uagb-faq-child uagb-faq-child__outer-wrap uagb-faq-item uagb-block-076be222 \" role=\"tab\" tabindex=\"0\"><div class=\"uagb-faq-questions-button uagb-faq-questions\">\t\t\t<span class=\"uagb-icon uagb-faq-icon-wrap\">\n\t\t\t\t\t\t\t\t<svg xmlns=\"https:\/\/www.w3.org\/2000\/svg\" viewBox= \"0 0 448 512\"><path d=\"M432 256c0 17.69-14.33 32.01-32 32.01H256v144c0 17.69-14.33 31.99-32 31.99s-32-14.3-32-31.99v-144H48c-17.67 0-32-14.32-32-32.01s14.33-31.99 32-31.99H192v-144c0-17.69 14.33-32.01 32-32.01s32 14.32 32 32.01v144h144C417.7 224 432 238.3 432 256z\"><\/path><\/svg>\n\t\t\t\t\t\t\t<\/span>\n\t\t\t\t\t\t<span class=\"uagb-icon-active uagb-faq-icon-wrap\">\n\t\t\t\t\t\t\t<\/span>\n\t\t\t<span class=\"uagb-question\"><strong>Duraci\u00f3<\/strong><\/span><\/div><div class=\"uagb-faq-content\"><p>36 mesos a partir del 10\/16\/2017 fins al 15\/10\/2020<\/p><\/div><\/div><div class=\"wp-block-uagb-faq-child uagb-faq-child__outer-wrap uagb-faq-item uagb-block-f17a63bd \" role=\"tab\" tabindex=\"0\"><div class=\"uagb-faq-questions-button uagb-faq-questions\">\t\t\t<span class=\"uagb-icon uagb-faq-icon-wrap\">\n\t\t\t\t\t\t\t\t<svg xmlns=\"https:\/\/www.w3.org\/2000\/svg\" viewBox= \"0 0 448 512\"><path d=\"M432 256c0 17.69-14.33 32.01-32 32.01H256v144c0 17.69-14.33 31.99-32 31.99s-32-14.3-32-31.99v-144H48c-17.67 0-32-14.32-32-32.01s14.33-31.99 32-31.99H192v-144c0-17.69 14.33-32.01 32-32.01s32 14.32 32 32.01v144h144C417.7 224 432 238.3 432 256z\"><\/path><\/svg>\n\t\t\t\t\t\t\t<\/span>\n\t\t\t\t\t\t<span class=\"uagb-icon-active uagb-faq-icon-wrap\">\n\t\t\t\t\t\t\t<\/span>\n\t\t\t<span class=\"uagb-question\"><strong>Finan\u00e7ament<\/strong><\/span><\/div><div class=\"uagb-faq-content\"><p>Grant N \u00ba 761297 Comissi\u00f3 Europea CHAFEA (2.498.773,08 \u20ac)<\/p><\/div><\/div><div class=\"wp-block-uagb-faq-child uagb-faq-child__outer-wrap uagb-faq-item uagb-block-43ba4076 \" role=\"tab\" tabindex=\"0\"><div class=\"uagb-faq-questions-button uagb-faq-questions\">\t\t\t<span class=\"uagb-icon uagb-faq-icon-wrap\">\n\t\t\t\t\t\t\t\t<svg xmlns=\"https:\/\/www.w3.org\/2000\/svg\" viewBox= \"0 0 448 512\"><path d=\"M432 256c0 17.69-14.33 32.01-32 32.01H256v144c0 17.69-14.33 31.99-32 31.99s-32-14.3-32-31.99v-144H48c-17.67 0-32-14.32-32-32.01s14.33-31.99 32-31.99H192v-144c0-17.69 14.33-32.01 32-32.01s32 14.32 32 32.01v144h144C417.7 224 432 238.3 432 256z\"><\/path><\/svg>\n\t\t\t\t\t\t\t<\/span>\n\t\t\t\t\t\t<span class=\"uagb-icon-active uagb-faq-icon-wrap\">\n\t\t\t\t\t\t\t<\/span>\n\t\t\t<span class=\"uagb-question\"><strong>Investigador<\/strong> <strong>principal<\/strong><\/span><\/div><div class=\"uagb-faq-content\"><p>Dr Panagiotis Behrakis (Societat Hel\u00b7l\u00e8nica del C\u00e0ncer, Gr\u00e8cia)<\/p><\/div><\/div><div class=\"wp-block-uagb-faq-child uagb-faq-child__outer-wrap uagb-faq-item uagb-block-faa63e9c \" role=\"tab\" tabindex=\"0\"><div class=\"uagb-faq-questions-button uagb-faq-questions\">\t\t\t<span class=\"uagb-icon uagb-faq-icon-wrap\">\n\t\t\t\t\t\t\t\t<svg xmlns=\"https:\/\/www.w3.org\/2000\/svg\" viewBox= \"0 0 448 512\"><path d=\"M432 256c0 17.69-14.33 32.01-32 32.01H256v144c0 17.69-14.33 31.99-32 31.99s-32-14.3-32-31.99v-144H48c-17.67 0-32-14.32-32-32.01s14.33-31.99 32-31.99H192v-144c0-17.69 14.33-32.01 32-32.01s32 14.32 32 32.01v144h144C417.7 224 432 238.3 432 256z\"><\/path><\/svg>\n\t\t\t\t\t\t\t<\/span>\n\t\t\t\t\t\t<span class=\"uagb-icon-active uagb-faq-icon-wrap\">\n\t\t\t\t\t\t\t<\/span>\n\t\t\t<span class=\"uagb-question\"><strong>Publicacions cient\u00edfiques<\/strong><\/span><\/div><div class=\"uagb-faq-content\"><p>Carnicer-Pont D, Tigova O, Havermans A, Remue E, Ferech M, Vejdovszky K et al. Tobacco products in the European Union Common Entry Gate (EU-CEG): A tool for monitoring the EU tobacco products directive.\u00a0<em>Tobacco Prevention &amp; Cessation<\/em>. 2022;8(March):10.\u00a0\u00a0doi:<a href=\"http:\/\/www.tobaccopreventioncessation.com\/Tobacco-products-in-the-European-Union-Common-Entry-Gate-EU-CEG-A-tool-for-monitoring,145501,0,2.html\" target=\"_blank\" rel=\"noreferrer noopener\">10.18332\/tpc\/145501<\/a>.<\/p><\/div><\/div><\/div>\n\n\n<div style=\"height:131px\" aria-hidden=\"true\" class=\"wp-block-spacer\"><\/div>\n\n\n\n<p><\/p>\n","protected":false},"excerpt":{"rendered":"","protected":false},"author":28,"featured_media":0,"parent":0,"menu_order":0,"comment_status":"closed","ping_status":"closed","template":"","meta":{"_uag_custom_page_level_css":"","site-sidebar-layout":"default","site-content-layout":"","ast-site-content-layout":"default","site-content-style":"default","site-sidebar-style":"default","ast-global-header-display":"","ast-banner-title-visibility":"","ast-main-header-display":"","ast-hfb-above-header-display":"","ast-hfb-below-header-display":"","ast-hfb-mobile-header-display":"","site-post-title":"disabled","ast-breadcrumbs-content":"","ast-featured-img":"","footer-sml-layout":"","ast-disable-related-posts":"","theme-transparent-header-meta":"","adv-header-id-meta":"","stick-header-meta":"","header-above-stick-meta":"","header-main-stick-meta":"","header-below-stick-meta":"","astra-migrate-meta-layouts":"set","ast-page-background-enabled":"default","ast-page-background-meta":{"desktop":{"background-color":"var(--ast-global-color-4)","background-image":"","background-repeat":"repeat","background-position":"center center","background-size":"auto","background-attachment":"scroll","background-type":"","background-media":"","overlay-type":"","overlay-color":"","overlay-opacity":"","overlay-gradient":""},"tablet":{"background-color":"","background-image":"","background-repeat":"repeat","background-position":"center center","background-size":"auto","background-attachment":"scroll","background-type":"","background-media":"","overlay-type":"","overlay-color":"","overlay-opacity":"","overlay-gradient":""},"mobile":{"background-color":"","background-image":"","background-repeat":"repeat","background-position":"center center","background-size":"auto","background-attachment":"scroll","background-type":"","background-media":"","overlay-type":"","overlay-color":"","overlay-opacity":"","overlay-gradient":""}},"ast-content-background-meta":{"desktop":{"background-color":"var(--ast-global-color-5)","background-image":"","background-repeat":"repeat","background-position":"center center","background-size":"auto","background-attachment":"scroll","background-type":"","background-media":"","overlay-type":"","overlay-color":"","overlay-opacity":"","overlay-gradient":""},"tablet":{"background-color":"var(--ast-global-color-5)","background-image":"","background-repeat":"repeat","background-position":"center center","background-size":"auto","background-attachment":"scroll","background-type":"","background-media":"","overlay-type":"","overlay-color":"","overlay-opacity":"","overlay-gradient":""},"mobile":{"background-color":"var(--ast-global-color-5)","background-image":"","background-repeat":"repeat","background-position":"center center","background-size":"auto","background-attachment":"scroll","background-type":"","background-media":"","overlay-type":"","overlay-color":"","overlay-opacity":"","overlay-gradient":""}},"_vp_format_video_url":"","_vp_image_focal_point":[],"footnotes":""},"class_list":["post-12167","page","type-page","status-publish","hentry"],"uagb_featured_image_src":{"full":false,"thumbnail":false,"medium":false,"medium_large":false,"large":false,"1536x1536":false,"2048x2048":false,"vp_sm":false,"vp_md":false,"vp_lg":false,"vp_xl":false,"vp_sm_popup":false,"vp_md_popup":false,"vp_xl_popup":false},"uagb_author_info":{"display_name":"clara","author_link":"https:\/\/icoprevencio.cat\/uct\/author\/clara\/"},"uagb_comment_info":0,"uagb_excerpt":null,"_links":{"self":[{"href":"https:\/\/icoprevencio.cat\/uct\/wp-json\/wp\/v2\/pages\/12167","targetHints":{"allow":["GET"]}}],"collection":[{"href":"https:\/\/icoprevencio.cat\/uct\/wp-json\/wp\/v2\/pages"}],"about":[{"href":"https:\/\/icoprevencio.cat\/uct\/wp-json\/wp\/v2\/types\/page"}],"author":[{"embeddable":true,"href":"https:\/\/icoprevencio.cat\/uct\/wp-json\/wp\/v2\/users\/28"}],"replies":[{"embeddable":true,"href":"https:\/\/icoprevencio.cat\/uct\/wp-json\/wp\/v2\/comments?post=12167"}],"version-history":[{"count":2,"href":"https:\/\/icoprevencio.cat\/uct\/wp-json\/wp\/v2\/pages\/12167\/revisions"}],"predecessor-version":[{"id":13952,"href":"https:\/\/icoprevencio.cat\/uct\/wp-json\/wp\/v2\/pages\/12167\/revisions\/13952"}],"wp:attachment":[{"href":"https:\/\/icoprevencio.cat\/uct\/wp-json\/wp\/v2\/media?parent=12167"}],"curies":[{"name":"wp","href":"https:\/\/api.w.org\/{rel}","templated":true}]}}