{"id":14056,"date":"2025-07-18T09:42:53","date_gmt":"2025-07-18T08:42:53","guid":{"rendered":"https:\/\/icoprevencio.cat\/uct\/?page_id=14056"},"modified":"2025-07-18T09:52:58","modified_gmt":"2025-07-18T08:52:58","slug":"dcot3-2","status":"publish","type":"page","link":"https:\/\/icoprevencio.cat\/uct\/dcot3-2\/","title":{"rendered":"dCOT3"},"content":{"rendered":"\n<div class=\"wp-block-uagb-container uagb-block-709c37ea alignfull uagb-is-root-container\"><div class=\"uagb-container-inner-blocks-wrap\">\n<div class=\"wp-block-uagb-info-box uagb-block-353171f0 uagb-infobox__content-wrap  uagb-infobox-icon-above-title uagb-infobox-image-valign-top wp-block-uagb-info-box--has-margin\"><div class=\"uagb-infobox-margin-wrapper\"><div class=\"uagb-ifb-content\"><div class=\"uagb-ifb-title-wrap\"><h2 class=\"uagb-ifb-title\"><strong>Projectes anteriors<\/strong><\/h2><\/div><\/div><\/div><\/div>\n<\/div><\/div>\n\n\n\n<div style=\"height:62px\" aria-hidden=\"true\" class=\"wp-block-spacer\"><\/div>\n\n\n\n<div class=\"wp-block-uagb-image uagb-block-71d5725e wp-block-uagb-image--layout-default wp-block-uagb-image--effect-static wp-block-uagb-image--align-none\"><figure class=\"wp-block-uagb-image__figure\"><img decoding=\"async\" src=\"https:\/\/icoprevencio.cat\/uct\/wp-content\/uploads\/sites\/10\/2025\/07\/dcot3-300x169-1.jpg\" alt=\"\" class=\"uag-image-14058\" width=\"391\" height=\"92\" title=\"dcot3-300x169\" loading=\"lazy\" role=\"img\" \/><\/figure><\/div>\n\n\n\n<div class=\"wp-block-uagb-info-box uagb-block-9271b190 uagb-infobox__content-wrap  uagb-infobox-icon-above-title uagb-infobox-image-valign-top wp-block-uagb-info-box--has-margin\"><div class=\"uagb-infobox-margin-wrapper\"><div class=\"uagb-ifb-content\"><div class=\"uagb-ifb-title-wrap\"><h3 class=\"uagb-ifb-title\">Impacte de la legislaci\u00f3 espanyola sobre el consum de tabac i l\u2019exposici\u00f3 passiva<\/h3><\/div><p class=\"uagb-ifb-desc\">Existeixen poques avaluacions de l\u2019impacte de les mesures de control del tabaquisme a nivell poblacional. Al nostre pa\u00eds nom\u00e9s dos estudis, un realitzat en tot el territori nacional i un altre a la Comunitat de Madrid, han avaluat fins al moment l\u2019impacte de les mesures de control del tabaquisme a nivell poblacional mitjan\u00e7ant una enquesta telef\u00f2nica. El nostre grup de recerca va posar un projecte (estudi dCOT2) en marxa amb aquest mateix disseny (dues enquestes transversals una abans i una altra despr\u00e9s de la llei, projecte finan\u00e7at per l\u2019Institut de Salut Carlos III, PI081436) a fi d\u2019obtenir no nom\u00e9s la prevalen\u00e7a d\u2019exposici\u00f3 percebuda al HAT sin\u00f3 de disposar tamb\u00e9 de mesura de l\u2019exposici\u00f3 mitjan\u00e7ant un marcador biol\u00f2gic com \u00e9s la cotinina en saliva que ja hav\u00edem utilitzat en un estudi previ (PI020981).<br><br>Amb bastant anterioritat a la Llei 28\/2005 v\u00e0rem dissenyar el primer estudi abans esmentat (PI020981) per determinar la prevalen\u00e7a i nivells d\u2019exposici\u00f3 de la poblaci\u00f3 general al FAT. Aquest estudi ha proporcionat abundant informaci\u00f3 sobre l\u2019exposici\u00f3 poblacional al FAT com ara que el 75% de la poblaci\u00f3 adulta no fumadora de la ciutat de Barcelona percep estar exposada al FAT ja sigui al domicili, lloc de treball o estudis, durant el temps lliure i durant la utilitzaci\u00f3 de transports p\u00fablics o privats.<\/p><\/div><\/div><\/div>\n\n\n<div class=\"wp-block-uagb-faq uagb-faq__outer-wrap uagb-block-07d58159 uagb-faq-icon-row-reverse uagb-faq-layout-accordion uagb-faq-expand-first-false uagb-faq-inactive-other-true uagb-faq__wrap uagb-buttons-layout-wrap uagb-faq-equal-height     \" data-faqtoggle=\"true\" role=\"tablist\"><div class=\"wp-block-uagb-faq-child uagb-faq-child__outer-wrap uagb-faq-item uagb-block-24e60ec9 \" role=\"tab\" tabindex=\"0\"><div class=\"uagb-faq-questions-button uagb-faq-questions\">\t\t\t<span class=\"uagb-icon uagb-faq-icon-wrap\">\n\t\t\t\t\t\t\t\t<svg xmlns=\"https:\/\/www.w3.org\/2000\/svg\" viewBox= \"0 0 448 512\"><path d=\"M432 256c0 17.69-14.33 32.01-32 32.01H256v144c0 17.69-14.33 31.99-32 31.99s-32-14.3-32-31.99v-144H48c-17.67 0-32-14.32-32-32.01s14.33-31.99 32-31.99H192v-144c0-17.69 14.33-32.01 32-32.01s32 14.32 32 32.01v144h144C417.7 224 432 238.3 432 256z\"><\/path><\/svg>\n\t\t\t\t\t\t\t<\/span>\n\t\t\t\t\t\t<span class=\"uagb-icon-active uagb-faq-icon-wrap\">\n\t\t\t\t\t\t\t<\/span>\n\t\t\t<span class=\"uagb-question\"><strong>Objectius<\/strong><\/span><\/div><div class=\"uagb-faq-content\"><p>Avaluar l\u2019impacte de la legislaci\u00f3 espanyola de control del tabaquisme (Lleis 28\/2005 i 42\/2010) sobre el tabaquisme (canvis en el consum, la depend\u00e8ncia, la motivaci\u00f3 per abandonar-lo i aband\u00f3) en els fumadors d\u2019una cohort de base poblacional (mitjan\u00e7ant una enquesta i biomarcadors).<br>Avaluar l\u2019impacte de la legislaci\u00f3 espanyola de control del tabaquisme (Lleis 28\/2005 i 42\/2010) sobre l\u2019exposici\u00f3 a fum ambiental del tabac (autodeclarada i segons nivells de cotinina en saliva) en els no fumadors d\u2019una cohort de base poblacional.<\/p><\/div><\/div><div class=\"wp-block-uagb-faq-child uagb-faq-child__outer-wrap uagb-faq-item uagb-block-7502faf6 \" role=\"tab\" tabindex=\"0\"><div class=\"uagb-faq-questions-button uagb-faq-questions\">\t\t\t<span class=\"uagb-icon uagb-faq-icon-wrap\">\n\t\t\t\t\t\t\t\t<svg xmlns=\"https:\/\/www.w3.org\/2000\/svg\" viewBox= \"0 0 448 512\"><path d=\"M432 256c0 17.69-14.33 32.01-32 32.01H256v144c0 17.69-14.33 31.99-32 31.99s-32-14.3-32-31.99v-144H48c-17.67 0-32-14.32-32-32.01s14.33-31.99 32-31.99H192v-144c0-17.69 14.33-32.01 32-32.01s32 14.32 32 32.01v144h144C417.7 224 432 238.3 432 256z\"><\/path><\/svg>\n\t\t\t\t\t\t\t<\/span>\n\t\t\t\t\t\t<span class=\"uagb-icon-active uagb-faq-icon-wrap\">\n\t\t\t\t\t\t\t<\/span>\n\t\t\t<span class=\"uagb-question\"><strong>M\u00e8todes<\/strong><\/span><\/div><div class=\"uagb-faq-content\"><p>Disseny. Estudi de cohorts.\u00a0<em>Subjectes.<\/em>\u00a0Cohort formada en 2004-2005 a partir d\u2019una mostra representativa de la poblaci\u00f3 adulta (+16 anys) de la ciutat de Barcelona (1245 participants amb informaci\u00f3 basal).\u00a0<em>Variables dependents.<\/em>\u00a0Consum de tabac i exposici\u00f3 al fum ambiental tabac obtingudes mitjan\u00e7ant q\u00fcestionari i concentracions de cotinina i altres biomarcadors.\u00a0<em>Variables independents.<\/em>\u00a0Variables sociodemogr\u00e0fiques, estat de salut general, activitat f\u00edsica i consum d\u2019alcohol, obtingudes mitjan\u00e7ant q\u00fcestionari.<\/p><\/div><\/div><div class=\"wp-block-uagb-faq-child uagb-faq-child__outer-wrap uagb-faq-item uagb-block-076be222 \" role=\"tab\" tabindex=\"0\"><div class=\"uagb-faq-questions-button uagb-faq-questions\">\t\t\t<span class=\"uagb-icon uagb-faq-icon-wrap\">\n\t\t\t\t\t\t\t\t<svg xmlns=\"https:\/\/www.w3.org\/2000\/svg\" viewBox= \"0 0 448 512\"><path d=\"M432 256c0 17.69-14.33 32.01-32 32.01H256v144c0 17.69-14.33 31.99-32 31.99s-32-14.3-32-31.99v-144H48c-17.67 0-32-14.32-32-32.01s14.33-31.99 32-31.99H192v-144c0-17.69 14.33-32.01 32-32.01s32 14.32 32 32.01v144h144C417.7 224 432 238.3 432 256z\"><\/path><\/svg>\n\t\t\t\t\t\t\t<\/span>\n\t\t\t\t\t\t<span class=\"uagb-icon-active uagb-faq-icon-wrap\">\n\t\t\t\t\t\t\t<\/span>\n\t\t\t<span class=\"uagb-question\"><strong>Duraci\u00f3<\/strong><\/span><\/div><div class=\"uagb-faq-content\"><p>2013-2015.<\/p><\/div><\/div><div class=\"wp-block-uagb-faq-child uagb-faq-child__outer-wrap uagb-faq-item uagb-block-43ba4076 \" role=\"tab\" tabindex=\"0\"><div class=\"uagb-faq-questions-button uagb-faq-questions\">\t\t\t<span class=\"uagb-icon uagb-faq-icon-wrap\">\n\t\t\t\t\t\t\t\t<svg xmlns=\"https:\/\/www.w3.org\/2000\/svg\" viewBox= \"0 0 448 512\"><path d=\"M432 256c0 17.69-14.33 32.01-32 32.01H256v144c0 17.69-14.33 31.99-32 31.99s-32-14.3-32-31.99v-144H48c-17.67 0-32-14.32-32-32.01s14.33-31.99 32-31.99H192v-144c0-17.69 14.33-32.01 32-32.01s32 14.32 32 32.01v144h144C417.7 224 432 238.3 432 256z\"><\/path><\/svg>\n\t\t\t\t\t\t\t<\/span>\n\t\t\t\t\t\t<span class=\"uagb-icon-active uagb-faq-icon-wrap\">\n\t\t\t\t\t\t\t<\/span>\n\t\t\t<span class=\"uagb-question\"><strong>Equip d\u2019Investigaci\u00f3<\/strong><\/span><\/div><div class=\"uagb-faq-content\"><p>Ajut PI1201114 (125.961,00 \u20ac, en tres anualitats) del Fondo de Investigaci\u00f3n Sanitaria del Instituto de Salud Carlos III (Fondo Europeo de Desarrollo Regional, FEDER).<\/p><\/div><\/div><div class=\"wp-block-uagb-faq-child uagb-faq-child__outer-wrap uagb-faq-item uagb-block-ee3946a6 \" role=\"tab\" tabindex=\"0\"><div class=\"uagb-faq-questions-button uagb-faq-questions\">\t\t\t<span class=\"uagb-icon uagb-faq-icon-wrap\">\n\t\t\t\t\t\t\t\t<svg xmlns=\"https:\/\/www.w3.org\/2000\/svg\" viewBox= \"0 0 448 512\"><path d=\"M432 256c0 17.69-14.33 32.01-32 32.01H256v144c0 17.69-14.33 31.99-32 31.99s-32-14.3-32-31.99v-144H48c-17.67 0-32-14.32-32-32.01s14.33-31.99 32-31.99H192v-144c0-17.69 14.33-32.01 32-32.01s32 14.32 32 32.01v144h144C417.7 224 432 238.3 432 256z\"><\/path><\/svg>\n\t\t\t\t\t\t\t<\/span>\n\t\t\t\t\t\t<span class=\"uagb-icon-active uagb-faq-icon-wrap\">\n\t\t\t\t\t\t\t<\/span>\n\t\t\t<span class=\"uagb-question\"><strong>Publicacions<\/strong><\/span><\/div><div class=\"uagb-faq-content\"><p><em>Fins el moment s\u2019han publicat resultats sobre cigarretes electr\u00f2niques i s\u2019estan elaborant altres articles segons els objectius proposats.<\/em><br>Mart\u00ednez-S\u00e1nchez JM, Ballb\u00e8 M, Fu M, Mart\u00edn-S\u00e1nchez JC, Salt\u00f3 E, Fern\u00e1ndez E.\u00a0<a href=\"http:\/\/www.gacetasanitaria.org\/index.php?p=watermark&amp;idApp=WGSE&amp;piiItem=S0213911115000187&amp;origen=gacetasanitaria&amp;web=gacetasanitaria&amp;urlApp=http:\/\/www.gacetasanitaria.org&amp;estadoItem=S300&amp;idiomaItem=es\" target=\"_blank\" rel=\"noreferrer noopener\">Conocimiento y percepci\u00f3n de nocividad del cigarrillo electr\u00f3nico en la poblaci\u00f3n adulta de Barcelona.<\/a>\u00a0Gac Sanit. 2015; 29(4):296-9.<br>Mart\u00ednez-S\u00e1nchez JM, Fu M, Mart\u00edn-S\u00e1nchez JC, Ballb\u00e8 M, Salt\u00f3 E, Fern\u00e1ndez E.\u00a0<a href=\"http:\/\/www.ncbi.nlm.nih.gov\/pmc\/articles\/PMC4636602\/pdf\/bmjopen-2015-009218.pdf\" target=\"_blank\" rel=\"noreferrer noopener\">Perception of electronic cigarettes in the general population: does their usefulness outweigh their risks?<\/a>. BMJ Open. 2015.\u00a0 Nov 3;5(11):e009218.<br>Mart\u00ednez-S\u00e1nchez JM, Ballb\u00e8 M, Fu M, Mart\u00edn-S\u00e1nchez JC, Salt\u00f3 E, Gottlieb M, Daynard R, Connolly GN, Fern\u00e1ndez E.\u00a0<a href=\"http:\/\/www.ncbi.nlm.nih.gov\/pmc\/articles\/PMC4156815\/pdf\/bmjopen-2014-005894.pdf\" target=\"_blank\" rel=\"noreferrer noopener\">Electronic cigarette use among adult population: a cross-sectional study in Barcelona, Spain (2013-2014).<\/a>\u00a0BMJ Open. 2014;4(8):e005894.<br>Mart\u00ednez-S\u00e1nchez JM, Ballb\u00e8 M, Fu M, Mart\u00edn-S\u00e1nchez JC, Gottlieb M, Salt\u00f3 E,Vardavas CI, Daynard R, Connolly GN, Fern\u00e1ndez E.\u00a0<a href=\"http:\/\/www.ncbi.nlm.nih.gov\/pmc\/articles\/PMC4254991\/pdf\/pone.0114256.pdf\" target=\"_blank\" rel=\"noreferrer noopener\">Attitudes towards electronic cigarettes regulation in indoor workplaces and selected public and private places: a population-based cross-sectional study.<\/a>\u00a0PLoS One. 2014;9(12):e114256.<br><\/p><\/div><\/div><\/div>\n\n\n<div style=\"height:131px\" aria-hidden=\"true\" class=\"wp-block-spacer\"><\/div>\n","protected":false},"excerpt":{"rendered":"","protected":false},"author":28,"featured_media":0,"parent":0,"menu_order":0,"comment_status":"closed","ping_status":"closed","template":"","meta":{"_uag_custom_page_level_css":"","site-sidebar-layout":"default","site-content-layout":"","ast-site-content-layout":"default","site-content-style":"default","site-sidebar-style":"default","ast-global-header-display":"","ast-banner-title-visibility":"","ast-main-header-display":"","ast-hfb-above-header-display":"","ast-hfb-below-header-display":"","ast-hfb-mobile-header-display":"","site-post-title":"disabled","ast-breadcrumbs-content":"","ast-featured-img":"","footer-sml-layout":"","ast-disable-related-posts":"","theme-transparent-header-meta":"","adv-header-id-meta":"","stick-header-meta":"","header-above-stick-meta":"","header-main-stick-meta":"","header-below-stick-meta":"","astra-migrate-meta-layouts":"set","ast-page-background-enabled":"default","ast-page-background-meta":{"desktop":{"background-color":"var(--ast-global-color-4)","background-image":"","background-repeat":"repeat","background-position":"center center","background-size":"auto","background-attachment":"scroll","background-type":"","background-media":"","overlay-type":"","overlay-color":"","overlay-opacity":"","overlay-gradient":""},"tablet":{"background-color":"","background-image":"","background-repeat":"repeat","background-position":"center center","background-size":"auto","background-attachment":"scroll","background-type":"","background-media":"","overlay-type":"","overlay-color":"","overlay-opacity":"","overlay-gradient":""},"mobile":{"background-color":"","background-image":"","background-repeat":"repeat","background-position":"center center","background-size":"auto","background-attachment":"scroll","background-type":"","background-media":"","overlay-type":"","overlay-color":"","overlay-opacity":"","overlay-gradient":""}},"ast-content-background-meta":{"desktop":{"background-color":"var(--ast-global-color-5)","background-image":"","background-repeat":"repeat","background-position":"center center","background-size":"auto","background-attachment":"scroll","background-type":"","background-media":"","overlay-type":"","overlay-color":"","overlay-opacity":"","overlay-gradient":""},"tablet":{"background-color":"var(--ast-global-color-5)","background-image":"","background-repeat":"repeat","background-position":"center center","background-size":"auto","background-attachment":"scroll","background-type":"","background-media":"","overlay-type":"","overlay-color":"","overlay-opacity":"","overlay-gradient":""},"mobile":{"background-color":"var(--ast-global-color-5)","background-image":"","background-repeat":"repeat","background-position":"center center","background-size":"auto","background-attachment":"scroll","background-type":"","background-media":"","overlay-type":"","overlay-color":"","overlay-opacity":"","overlay-gradient":""}},"_vp_format_video_url":"","_vp_image_focal_point":[],"footnotes":""},"class_list":["post-14056","page","type-page","status-publish","hentry"],"uagb_featured_image_src":{"full":false,"thumbnail":false,"medium":false,"medium_large":false,"large":false,"1536x1536":false,"2048x2048":false,"vp_sm":false,"vp_md":false,"vp_lg":false,"vp_xl":false,"vp_sm_popup":false,"vp_md_popup":false,"vp_xl_popup":false},"uagb_author_info":{"display_name":"clara","author_link":"https:\/\/icoprevencio.cat\/uct\/author\/clara\/"},"uagb_comment_info":0,"uagb_excerpt":null,"_links":{"self":[{"href":"https:\/\/icoprevencio.cat\/uct\/wp-json\/wp\/v2\/pages\/14056","targetHints":{"allow":["GET"]}}],"collection":[{"href":"https:\/\/icoprevencio.cat\/uct\/wp-json\/wp\/v2\/pages"}],"about":[{"href":"https:\/\/icoprevencio.cat\/uct\/wp-json\/wp\/v2\/types\/page"}],"author":[{"embeddable":true,"href":"https:\/\/icoprevencio.cat\/uct\/wp-json\/wp\/v2\/users\/28"}],"replies":[{"embeddable":true,"href":"https:\/\/icoprevencio.cat\/uct\/wp-json\/wp\/v2\/comments?post=14056"}],"version-history":[{"count":1,"href":"https:\/\/icoprevencio.cat\/uct\/wp-json\/wp\/v2\/pages\/14056\/revisions"}],"predecessor-version":[{"id":14061,"href":"https:\/\/icoprevencio.cat\/uct\/wp-json\/wp\/v2\/pages\/14056\/revisions\/14061"}],"wp:attachment":[{"href":"https:\/\/icoprevencio.cat\/uct\/wp-json\/wp\/v2\/media?parent=14056"}],"curies":[{"name":"wp","href":"https:\/\/api.w.org\/{rel}","templated":true}]}}