{"id":14097,"date":"2025-07-18T10:04:14","date_gmt":"2025-07-18T09:04:14","guid":{"rendered":"https:\/\/icoprevencio.cat\/uct\/?page_id=14097"},"modified":"2025-07-18T10:09:59","modified_gmt":"2025-07-18T09:09:59","slug":"ppacte","status":"publish","type":"page","link":"https:\/\/icoprevencio.cat\/uct\/ppacte\/","title":{"rendered":"PPACTE"},"content":{"rendered":"\n<div class=\"wp-block-uagb-container uagb-block-709c37ea alignfull uagb-is-root-container\"><div class=\"uagb-container-inner-blocks-wrap\">\n<div class=\"wp-block-uagb-info-box uagb-block-353171f0 uagb-infobox__content-wrap  uagb-infobox-icon-above-title uagb-infobox-image-valign-top wp-block-uagb-info-box--has-margin\"><div class=\"uagb-infobox-margin-wrapper\"><div class=\"uagb-ifb-content\"><div class=\"uagb-ifb-title-wrap\"><h2 class=\"uagb-ifb-title\"><strong>Projectes anteriors<\/strong><\/h2><\/div><\/div><\/div><\/div>\n<\/div><\/div>\n\n\n\n<div style=\"height:62px\" aria-hidden=\"true\" class=\"wp-block-spacer\"><\/div>\n\n\n\n<div class=\"wp-block-uagb-image uagb-block-71d5725e wp-block-uagb-image--layout-default wp-block-uagb-image--effect-static wp-block-uagb-image--align-none\"><figure class=\"wp-block-uagb-image__figure\"><img decoding=\"async\" src=\"https:\/\/icoprevencio.cat\/uct\/wp-content\/uploads\/sites\/10\/2025\/07\/ppacte-300x169-1.jpg\" alt=\"\" class=\"uag-image-14098\" width=\"391\" height=\"92\" title=\"ppacte-300x169\" loading=\"lazy\" role=\"img\" \/><\/figure><\/div>\n\n\n\n<div class=\"wp-block-uagb-info-box uagb-block-9271b190 uagb-infobox__content-wrap  uagb-infobox-icon-above-title uagb-infobox-image-valign-top wp-block-uagb-info-box--has-margin\"><div class=\"uagb-infobox-margin-wrapper\"><div class=\"uagb-ifb-content\"><div class=\"uagb-ifb-title-wrap\"><h3 class=\"uagb-ifb-title\">Pol\u00edtiques de preus i de control del tabac a Europa<\/h3><\/div><p class=\"uagb-ifb-desc\"><a href=\"https:\/\/www.tri.ie\/ppacte.html\">Pol\u00edtiques de Preus i Control de Tabac a Europa&nbsp;<strong>(PPACTE)<\/strong><\/a>&nbsp;\u00e9s un projecte col\u00b7laboratiu de tres anys de durada finan\u00e7at pel Set\u00e8 Programa Marc de la Comissi\u00f3 Europea per a la Investigaci\u00f3 i el Desenvolupament Tecnol\u00f2gic (7PM).<br><\/p><\/div><\/div><\/div>\n\n\n<div class=\"wp-block-uagb-faq uagb-faq__outer-wrap uagb-block-07d58159 uagb-faq-icon-row-reverse uagb-faq-layout-accordion uagb-faq-expand-first-false uagb-faq-inactive-other-true uagb-faq__wrap uagb-buttons-layout-wrap uagb-faq-equal-height     \" data-faqtoggle=\"true\" role=\"tablist\"><div class=\"wp-block-uagb-faq-child uagb-faq-child__outer-wrap uagb-faq-item uagb-block-24e60ec9 \" role=\"tab\" tabindex=\"0\"><div class=\"uagb-faq-questions-button uagb-faq-questions\">\t\t\t<span class=\"uagb-icon uagb-faq-icon-wrap\">\n\t\t\t\t\t\t\t\t<svg xmlns=\"https:\/\/www.w3.org\/2000\/svg\" viewBox= \"0 0 448 512\"><path d=\"M432 256c0 17.69-14.33 32.01-32 32.01H256v144c0 17.69-14.33 31.99-32 31.99s-32-14.3-32-31.99v-144H48c-17.67 0-32-14.32-32-32.01s14.33-31.99 32-31.99H192v-144c0-17.69 14.33-32.01 32-32.01s32 14.32 32 32.01v144h144C417.7 224 432 238.3 432 256z\"><\/path><\/svg>\n\t\t\t\t\t\t\t<\/span>\n\t\t\t\t\t\t<span class=\"uagb-icon-active uagb-faq-icon-wrap\">\n\t\t\t\t\t\t\t<\/span>\n\t\t\t<span class=\"uagb-question\"><strong>Objectius<\/strong><\/span><\/div><div class=\"uagb-faq-content\"><p><strong>PPACTE<\/strong>\u00a0analitzar\u00e0 l\u2019impacte del preu del tabac i els seus impostos sobre la pol\u00edtica fiscal i el control del tabac a Europa i oferir\u00e0 recomanacions als estats membres i a la Comissi\u00f3 Europea. PPACTE proporcionar\u00e0 una comprensi\u00f3 de com utilitzar les pol\u00edtiques de preus per al control efica\u00e7 del consum de tabac a Europa, que \u00e9s imprescindible per abordar la c\u00e0rrega de malalties causades pel consum de tabac. Aix\u00f2, per\u00f2, \u00e9s complicat per la diversitat entre els estats membres pel que fa a la seva etapa de l\u2019epid\u00e8mia de tabaquisme i el seu nivell de desenvolupament de control del tabac, aix\u00ed com el seu entorn econ\u00f2mic, cultural i pol\u00edtic.<br><\/p><\/div><\/div><div class=\"wp-block-uagb-faq-child uagb-faq-child__outer-wrap uagb-faq-item uagb-block-7502faf6 \" role=\"tab\" tabindex=\"0\"><div class=\"uagb-faq-questions-button uagb-faq-questions\">\t\t\t<span class=\"uagb-icon uagb-faq-icon-wrap\">\n\t\t\t\t\t\t\t\t<svg xmlns=\"https:\/\/www.w3.org\/2000\/svg\" viewBox= \"0 0 448 512\"><path d=\"M432 256c0 17.69-14.33 32.01-32 32.01H256v144c0 17.69-14.33 31.99-32 31.99s-32-14.3-32-31.99v-144H48c-17.67 0-32-14.32-32-32.01s14.33-31.99 32-31.99H192v-144c0-17.69 14.33-32.01 32-32.01s32 14.32 32 32.01v144h144C417.7 224 432 238.3 432 256z\"><\/path><\/svg>\n\t\t\t\t\t\t\t<\/span>\n\t\t\t\t\t\t<span class=\"uagb-icon-active uagb-faq-icon-wrap\">\n\t\t\t\t\t\t\t<\/span>\n\t\t\t<span class=\"uagb-question\"><strong>M\u00e8todes<\/strong><\/span><\/div><div class=\"uagb-faq-content\"><p>L\u2019estructura del 7PM ha perm\u00e8s a l\u2019Institut RIFTFS reunir un equip multidisciplinari amb alguns dels millors economistes de la salut, epidemi\u00f2legs, especialistes en salut p\u00fablica i experts en pol\u00edtiques de control del tabac sota el seu lideratge. Els socis s\u00f3n: Tobacco Free Research Institute Irlanda (TFRI) (Coordinador), International Agency for Research on Cancer (IARC) Fran\u00e7a, The National Institute for Health and Welfare (THL) Finlandia, Istituto di Reserche Farmacologiche Mario Negri (IRFMN) Italia,\u00a0International Union Against Tuberculosis and Lung Disease (IUATLD) Fran\u00e7a, Universite of Bath Regne Unit, ICO Espanya i HBSA E.U.A.<\/p><\/div><\/div><div class=\"wp-block-uagb-faq-child uagb-faq-child__outer-wrap uagb-faq-item uagb-block-66e90450 \" role=\"tab\" tabindex=\"0\"><div class=\"uagb-faq-questions-button uagb-faq-questions\">\t\t\t<span class=\"uagb-icon uagb-faq-icon-wrap\">\n\t\t\t\t\t\t\t\t<svg xmlns=\"https:\/\/www.w3.org\/2000\/svg\" viewBox= \"0 0 448 512\"><path d=\"M432 256c0 17.69-14.33 32.01-32 32.01H256v144c0 17.69-14.33 31.99-32 31.99s-32-14.3-32-31.99v-144H48c-17.67 0-32-14.32-32-32.01s14.33-31.99 32-31.99H192v-144c0-17.69 14.33-32.01 32-32.01s32 14.32 32 32.01v144h144C417.7 224 432 238.3 432 256z\"><\/path><\/svg>\n\t\t\t\t\t\t\t<\/span>\n\t\t\t\t\t\t<span class=\"uagb-icon-active uagb-faq-icon-wrap\">\n\t\t\t\t\t\t\t<\/span>\n\t\t\t<span class=\"uagb-question\"><strong>Participants<\/strong><\/span><\/div><div class=\"uagb-faq-content\"><p>L\u2019estructura del 7PM ha perm\u00e8s a l\u2019Institut RIFTFS reunir un equip multidisciplinari amb alguns dels millors economistes de la salut, epidemi\u00f2legs, especialistes en salut p\u00fablica i experts en pol\u00edtiques de control del tabac sota el seu lideratge. Els socis s\u00f3n: Tobacco Free Research Institute Irlanda (TFRI) (Coordinador), International Agency for Research on Cancer (IARC) Fran\u00e7a, The National Institute for Health and Welfare (THL) Finlandia, Istituto di Reserche Farmacologiche Mario Negri (IRFMN) Italia,\u00a0International Union Against Tuberculosis and Lung Disease (IUATLD) Fran\u00e7a, Universite of Bath Regne Unit, ICO Espanya i HBSA E.U.A.<\/p><\/div><\/div><div class=\"wp-block-uagb-faq-child uagb-faq-child__outer-wrap uagb-faq-item uagb-block-076be222 \" role=\"tab\" tabindex=\"0\"><div class=\"uagb-faq-questions-button uagb-faq-questions\">\t\t\t<span class=\"uagb-icon uagb-faq-icon-wrap\">\n\t\t\t\t\t\t\t\t<svg xmlns=\"https:\/\/www.w3.org\/2000\/svg\" viewBox= \"0 0 448 512\"><path d=\"M432 256c0 17.69-14.33 32.01-32 32.01H256v144c0 17.69-14.33 31.99-32 31.99s-32-14.3-32-31.99v-144H48c-17.67 0-32-14.32-32-32.01s14.33-31.99 32-31.99H192v-144c0-17.69 14.33-32.01 32-32.01s32 14.32 32 32.01v144h144C417.7 224 432 238.3 432 256z\"><\/path><\/svg>\n\t\t\t\t\t\t\t<\/span>\n\t\t\t\t\t\t<span class=\"uagb-icon-active uagb-faq-icon-wrap\">\n\t\t\t\t\t\t\t<\/span>\n\t\t\t<span class=\"uagb-question\"><strong>Duraci\u00f3<\/strong><\/span><\/div><div class=\"uagb-faq-content\"><p>2009-2011<\/p><\/div><\/div><div class=\"wp-block-uagb-faq-child uagb-faq-child__outer-wrap uagb-faq-item uagb-block-66745a3e \" role=\"tab\" tabindex=\"0\"><div class=\"uagb-faq-questions-button uagb-faq-questions\">\t\t\t<span class=\"uagb-icon uagb-faq-icon-wrap\">\n\t\t\t\t\t\t\t\t<svg xmlns=\"https:\/\/www.w3.org\/2000\/svg\" viewBox= \"0 0 448 512\"><path d=\"M432 256c0 17.69-14.33 32.01-32 32.01H256v144c0 17.69-14.33 31.99-32 31.99s-32-14.3-32-31.99v-144H48c-17.67 0-32-14.32-32-32.01s14.33-31.99 32-31.99H192v-144c0-17.69 14.33-32.01 32-32.01s32 14.32 32 32.01v144h144C417.7 224 432 238.3 432 256z\"><\/path><\/svg>\n\t\t\t\t\t\t\t<\/span>\n\t\t\t\t\t\t<span class=\"uagb-icon-active uagb-faq-icon-wrap\">\n\t\t\t\t\t\t\t<\/span>\n\t\t\t<span class=\"uagb-question\"><strong>Finan\u00e7ament<\/strong><\/span><\/div><div class=\"uagb-faq-content\"><p>UE, 7\u00e8 Programa Marc (FP7-HEALTH-2007-B)<\/p><\/div><\/div><div class=\"wp-block-uagb-faq-child uagb-faq-child__outer-wrap uagb-faq-item uagb-block-43ba4076 \" role=\"tab\" tabindex=\"0\"><div class=\"uagb-faq-questions-button uagb-faq-questions\">\t\t\t<span class=\"uagb-icon uagb-faq-icon-wrap\">\n\t\t\t\t\t\t\t\t<svg xmlns=\"https:\/\/www.w3.org\/2000\/svg\" viewBox= \"0 0 448 512\"><path d=\"M432 256c0 17.69-14.33 32.01-32 32.01H256v144c0 17.69-14.33 31.99-32 31.99s-32-14.3-32-31.99v-144H48c-17.67 0-32-14.32-32-32.01s14.33-31.99 32-31.99H192v-144c0-17.69 14.33-32.01 32-32.01s32 14.32 32 32.01v144h144C417.7 224 432 238.3 432 256z\"><\/path><\/svg>\n\t\t\t\t\t\t\t<\/span>\n\t\t\t\t\t\t<span class=\"uagb-icon-active uagb-faq-icon-wrap\">\n\t\t\t\t\t\t\t<\/span>\n\t\t\t<span class=\"uagb-question\"><strong>Investigador principal<\/strong><\/span><\/div><div class=\"uagb-faq-content\"><p>Prof. Luke Clancy (TobaccoFree Research Institute Ireland, TFRI)<br><\/p><\/div><\/div><div class=\"wp-block-uagb-faq-child uagb-faq-child__outer-wrap uagb-faq-item uagb-block-43da1e65 \" role=\"tab\" tabindex=\"0\"><div class=\"uagb-faq-questions-button uagb-faq-questions\">\t\t\t<span class=\"uagb-icon uagb-faq-icon-wrap\">\n\t\t\t\t\t\t\t\t<svg xmlns=\"https:\/\/www.w3.org\/2000\/svg\" viewBox= \"0 0 448 512\"><path d=\"M432 256c0 17.69-14.33 32.01-32 32.01H256v144c0 17.69-14.33 31.99-32 31.99s-32-14.3-32-31.99v-144H48c-17.67 0-32-14.32-32-32.01s14.33-31.99 32-31.99H192v-144c0-17.69 14.33-32.01 32-32.01s32 14.32 32 32.01v144h144C417.7 224 432 238.3 432 256z\"><\/path><\/svg>\n\t\t\t\t\t\t\t<\/span>\n\t\t\t\t\t\t<span class=\"uagb-icon-active uagb-faq-icon-wrap\">\n\t\t\t\t\t\t\t<\/span>\n\t\t\t<span class=\"uagb-question\"><strong>Publicacions<\/strong><\/span><\/div><div class=\"uagb-faq-content\"><p>Fern\u00e1ndez E, Lugo A, Clancy L, Matsuo K, La Vecchia C, Gallus S.\u00a0<a href=\"http:\/\/www.sciencedirect.com\/science\/article\/pii\/S0091743515003084\" target=\"_blank\" rel=\"noreferrer noopener\">Smoking\u00a0dependence in 18 European countries: Hard to maintain the hardening hypothesis.\u00a0<\/a>Prev Med. 2015 Dec;81:314-9.<br>Ferketich AK, Lugo A, La Vecchia C, Fernandez E, Boffetta P, Clancy L, Gallus \u00a0S.\u00a0<a href=\"http:\/\/tobaccocontrol.bmj.com\/content\/25\/1\/60.abstract\" target=\"_blank\" rel=\"noreferrer noopener\">Relation between national-level tobacco control policies and individual-level voluntary home smoking bans in Europe<\/a>. Tob Control. 2016 Jan;25(1):60-5. PMID: 25335901.<br>Gallus S, Lugo A, Fernandez E, Gilmore AB, Leon ME, Clancy L, La Vecchia C.\u00a0<a href=\"http:\/\/www.sciencedirect.com\/science\/article\/pii\/S0091743514002916\" target=\"_blank\" rel=\"noreferrer noopener\">Support for a tobacco endgame strategy in 18 European countries<\/a>. Prev Med. 2014\u00a0Oct;67:255-8. PubMed<br>Gallus S, Lugo A, Ghislandi S, La Vecchia C, Gilmore AB.\u00a0<a href=\"http:\/\/www.ncbi.nlm.nih.gov\/pmc\/articles\/PMC4127802\/pdf\/nihms568925.pdf\" target=\"_blank\" rel=\"noreferrer noopener\">Roll-your-own\u00a0cigarettes in Europe: use, weight and implications for fiscal policies<\/a>. Eur J\u00a0Cancer Prev. 2014 May;23(3):186-92.<br>Gallus S, Lugo A, La Vecchia C, Boffetta P, Chaloupka FJ, Colombo P, Currie L,\u00a0Fernandez E, Fischbacher C, Gilmore A, Godfrey F, Joossens L, Leon ME, Levy DT,\u00a0Nguyen L, Rosenqvist G, Ross H, Townsend J, Clancy L.\u00a0<a href=\"http:\/\/www.ncbi.nlm.nih.gov\/pubmed\/24441832\" target=\"_blank\" rel=\"noreferrer noopener\">Pricing Policies And\u00a0Control of Tobacco in Europe (PPACTE) project: cross-national comparison of\u00a0smoking prevalence in 18 European countries.<\/a>\u00a0Eur J Cancer Prev. 2014\u00a0May;23(3):177-85.<br>Gilmore AB, Rowell A, Gallus S, Lugo A, Joossens L, Sims M.\u00a0<a href=\"http:\/\/tobaccocontrol.bmj.com\/content\/early\/2013\/12\/11\/tobaccocontrol-2013-051240.full.pdf+html\" target=\"_blank\" rel=\"noreferrer noopener\">Towards a greater \u00a0understanding of the illicit tobacco trade in Europe: a review of the PMI funded \u2018Project Star\u2019 report<\/a>. Tob Control. 2014 May;23(e1):e51-61.<br>Joossens L, Lugo A, La Vecchia C, Gilmore AB, Clancy L, Gallus S.\u00a0<a href=\"http:\/\/tobaccocontrol.bmj.com\/content\/early\/2012\/11\/14\/tobaccocontrol-2012-050644.abstract\" target=\"_blank\" rel=\"noreferrer noopener\">Illicit\u00a0cigarettes and hand-rolled tobacco in 18 European countries: a cross-sectional\u00a0survey.<\/a>\u00a0Tob Control. 2014 May;23(e1):e17-23.<br><\/p><\/div><\/div><\/div>\n\n\n<div style=\"height:131px\" aria-hidden=\"true\" class=\"wp-block-spacer\"><\/div>\n","protected":false},"excerpt":{"rendered":"","protected":false},"author":28,"featured_media":0,"parent":0,"menu_order":0,"comment_status":"closed","ping_status":"closed","template":"","meta":{"_uag_custom_page_level_css":"","site-sidebar-layout":"default","site-content-layout":"","ast-site-content-layout":"default","site-content-style":"default","site-sidebar-style":"default","ast-global-header-display":"","ast-banner-title-visibility":"","ast-main-header-display":"","ast-hfb-above-header-display":"","ast-hfb-below-header-display":"","ast-hfb-mobile-header-display":"","site-post-title":"disabled","ast-breadcrumbs-content":"","ast-featured-img":"","footer-sml-layout":"","ast-disable-related-posts":"","theme-transparent-header-meta":"","adv-header-id-meta":"","stick-header-meta":"","header-above-stick-meta":"","header-main-stick-meta":"","header-below-stick-meta":"","astra-migrate-meta-layouts":"set","ast-page-background-enabled":"default","ast-page-background-meta":{"desktop":{"background-color":"var(--ast-global-color-4)","background-image":"","background-repeat":"repeat","background-position":"center center","background-size":"auto","background-attachment":"scroll","background-type":"","background-media":"","overlay-type":"","overlay-color":"","overlay-opacity":"","overlay-gradient":""},"tablet":{"background-color":"","background-image":"","background-repeat":"repeat","background-position":"center center","background-size":"auto","background-attachment":"scroll","background-type":"","background-media":"","overlay-type":"","overlay-color":"","overlay-opacity":"","overlay-gradient":""},"mobile":{"background-color":"","background-image":"","background-repeat":"repeat","background-position":"center center","background-size":"auto","background-attachment":"scroll","background-type":"","background-media":"","overlay-type":"","overlay-color":"","overlay-opacity":"","overlay-gradient":""}},"ast-content-background-meta":{"desktop":{"background-color":"var(--ast-global-color-5)","background-image":"","background-repeat":"repeat","background-position":"center center","background-size":"auto","background-attachment":"scroll","background-type":"","background-media":"","overlay-type":"","overlay-color":"","overlay-opacity":"","overlay-gradient":""},"tablet":{"background-color":"var(--ast-global-color-5)","background-image":"","background-repeat":"repeat","background-position":"center center","background-size":"auto","background-attachment":"scroll","background-type":"","background-media":"","overlay-type":"","overlay-color":"","overlay-opacity":"","overlay-gradient":""},"mobile":{"background-color":"var(--ast-global-color-5)","background-image":"","background-repeat":"repeat","background-position":"center center","background-size":"auto","background-attachment":"scroll","background-type":"","background-media":"","overlay-type":"","overlay-color":"","overlay-opacity":"","overlay-gradient":""}},"_vp_format_video_url":"","_vp_image_focal_point":[],"footnotes":""},"class_list":["post-14097","page","type-page","status-publish","hentry"],"uagb_featured_image_src":{"full":false,"thumbnail":false,"medium":false,"medium_large":false,"large":false,"1536x1536":false,"2048x2048":false,"vp_sm":false,"vp_md":false,"vp_lg":false,"vp_xl":false,"vp_sm_popup":false,"vp_md_popup":false,"vp_xl_popup":false},"uagb_author_info":{"display_name":"clara","author_link":"https:\/\/icoprevencio.cat\/uct\/author\/clara\/"},"uagb_comment_info":0,"uagb_excerpt":null,"_links":{"self":[{"href":"https:\/\/icoprevencio.cat\/uct\/wp-json\/wp\/v2\/pages\/14097","targetHints":{"allow":["GET"]}}],"collection":[{"href":"https:\/\/icoprevencio.cat\/uct\/wp-json\/wp\/v2\/pages"}],"about":[{"href":"https:\/\/icoprevencio.cat\/uct\/wp-json\/wp\/v2\/types\/page"}],"author":[{"embeddable":true,"href":"https:\/\/icoprevencio.cat\/uct\/wp-json\/wp\/v2\/users\/28"}],"replies":[{"embeddable":true,"href":"https:\/\/icoprevencio.cat\/uct\/wp-json\/wp\/v2\/comments?post=14097"}],"version-history":[{"count":2,"href":"https:\/\/icoprevencio.cat\/uct\/wp-json\/wp\/v2\/pages\/14097\/revisions"}],"predecessor-version":[{"id":14111,"href":"https:\/\/icoprevencio.cat\/uct\/wp-json\/wp\/v2\/pages\/14097\/revisions\/14111"}],"wp:attachment":[{"href":"https:\/\/icoprevencio.cat\/uct\/wp-json\/wp\/v2\/media?parent=14097"}],"curies":[{"name":"wp","href":"https:\/\/api.w.org\/{rel}","templated":true}]}}