{"id":15199,"date":"2026-01-28T12:13:37","date_gmt":"2026-01-28T11:13:37","guid":{"rendered":"https:\/\/icoprevencio.cat\/uct\/?page_id=15199"},"modified":"2026-01-28T12:13:38","modified_gmt":"2026-01-28T11:13:38","slug":"propuesta-para-empaquetado-neutro-mexico","status":"publish","type":"page","link":"https:\/\/icoprevencio.cat\/uct\/propuesta-para-empaquetado-neutro-mexico\/","title":{"rendered":"PROPOSTA PER L\u2019EMPAQUETAT NEUTRE A M\u00c9XICO"},"content":{"rendered":"\n<figure class=\"wp-block-image\"><img loading=\"lazy\" decoding=\"async\" width=\"1024\" height=\"478\" src=\"https:\/\/icoprevencio.cat\/uct\/wp-content\/uploads\/sites\/10\/2016\/07\/TSHoracio-Rubio-3-1024x478.jpg\" alt=\"\" class=\"wp-image-3744\" srcset=\"https:\/\/icoprevencio.cat\/uct\/wp-content\/uploads\/sites\/10\/2016\/07\/TSHoracio-Rubio-3-1024x478.jpg 1024w, https:\/\/icoprevencio.cat\/uct\/wp-content\/uploads\/sites\/10\/2016\/07\/TSHoracio-Rubio-3-300x140.jpg 300w, https:\/\/icoprevencio.cat\/uct\/wp-content\/uploads\/sites\/10\/2016\/07\/TSHoracio-Rubio-3-768x359.jpg 768w, https:\/\/icoprevencio.cat\/uct\/wp-content\/uploads\/sites\/10\/2016\/07\/TSHoracio-Rubio-3-750x350.jpg 750w\" sizes=\"auto, (max-width: 1024px) 100vw, 1024px\" \/><\/figure>\n\n\n\n<p><\/p>\n\n\n\n<div><span style=\"color: #800000;\"><strong>13 de Juliol de 2016 (12:00 h. &#8211; 13:00 h.)&nbsp;| L&#8217;Hospitalet de LLobregat, Barcelona. Espanya<\/strong><\/span><\/div>\n\n\n\n<hr class=\"wp-block-separator has-alpha-channel-opacity\"\/>\n\n\n\n<div class=\"page\" title=\"Page 1\">\r\n<div class=\"section\">\r\n<div class=\"layoutArea\">\r\n<div class=\"column\">\r\n<div class=\"page\" title=\"Page 1\">\r\n<div class=\"section\">\r\n<div class=\"layoutArea\">\r\n<div class=\"column\">\r\n<p><strong>Horacio Rubio Monteverde<\/strong> \u00e9s un metge i cirurgi\u00e0 especialitzat en pneumologia i Otorinolaringologia. Professor associat i director (1980-1993) de l&#8217;Institut Nacional de Malalties Respirat\u00f2ries. Va promoure la Cl\u00ednica per Deixar de Fumar y va fundar la Revista del Instituto Nacional de Enfermedades Respirat\u00f2ries. Ha estat president de les diferents societats cient\u00edfiques nacionals i internacionals sobre les malalties respirat\u00f2ries. Entre 2001- 2005 era el referente en tabac del CONADIC, el Consejo Nacional contra las Adicciones de M\u00e8xic.<\/p>\r\n<\/div>\r\n<\/div>\r\n<\/div>\r\n<\/div>\r\n<\/div>\r\n<\/div>\r\n<\/div>\r\n<\/div>\n\n\n\n<hr class=\"wp-block-separator has-alpha-channel-opacity\"\/>\n\n\n\n<hr class=\"wp-block-separator has-alpha-channel-opacity\"\/>\n\n\n\n<h4 class=\"wp-block-heading\"><span style=\"color: #800000;\"><strong>Presentaci\u00f3 del seminari<\/strong><\/span><\/h4>\n\n\n<p>[bullets effect=&#8221;&#8221; size=&#8221;normal&#8221; color_for=&#8221;bg&#8221; type=&#8221;icon&#8221;]<br \/>\n[bullet icon=&#8221;fa-slideshare&#8221; color=&#8221;red&#8221;]<a href=\"http:\/\/www.slideshare.net\/UCTICO\/propuesta-para-empaquetado-neutro-en-mxico\" target=\"_blank\" rel=\"noopener\">La presentaci\u00f3<\/a>[\/bullet]<br \/>\n[bullet icon=&#8221;fa-youtube-play&#8221; color=&#8221;red&#8221;]<a href=\"https:\/\/www.youtube.com\/watch?v=FR7IRyfanxk\" target=\"_blank\" rel=\"noopener\">El v\u00eddeo<\/a>[\/bullet]<br \/>\n[bullet icon=&#8221;fa-file-movie-o&#8221; color=&#8221;red&#8221;]<a href=\"http:\/\/www.zentation.com\/viewer2\/webcast\/4tIIfBaTQF\/Propuesta%20para%20empaquetado%20neutro%20del%20tabaco#.V4dguJOLSlM\" target=\"_blank\" rel=\"noopener\">La v\u00eddeo presentaci\u00f3 del seminari<\/a>[\/bullet]<br \/>\n[\/bullets]<\/p>\n\n\n\n<hr class=\"wp-block-separator has-alpha-channel-opacity\"\/>\n\n\n\n<hr class=\"wp-block-separator has-alpha-channel-opacity\"\/>\n\n\n<p>[accordion effect=&#8221;&#8221;]<br \/>\n[accordion_item title=&#8221;Informaci\u00f3 \u00fatil&#8221; open=&#8221;no&#8221; color=&#8221;darkcyan&#8221;]<br \/>\n[bullets effect=&#8221;&#8221; size=&#8221;normal&#8221; color_for=&#8221;bg&#8221; type=&#8221;icon&#8221;]<br \/>\n[bullet icon=&#8221;fa-file-pdf-o&#8221; color=&#8221;darkcyan&#8221;]<a href=\"https:\/\/tobaccorelated.org\/2016\/07\/07\/ico-who-cc-tobacco-control-seminar-by-dr-h-rubio-july-13-2016\/\" target=\"_blank\" rel=\"noopener\">Anunci del seminari<\/a>[\/bullet]<br \/>\n[bullet icon=&#8221;fa-flag&#8221; color=&#8221;darkcyan&#8221;]Espanyol[\/bullet]<br \/>\n[bullet icon=&#8221;fa-subway&#8221; color=&#8221;darkcyan&#8221;]ICO L\u2019Hospitalet, Aula de la Fundaci\u00f3 Oncol\u00f2gica de Catalunya (2n Pis)\u00a0<a href=\"\/uct?page_id=3260\" target=\"_blank\" rel=\"noopener\">[Com arribar-hi]<\/a>[\/bullet]<br \/>\n[\/bullets]<br \/>\n[\/accordion_item]<br \/>\n[\/accordion]<\/p>\n\n\n\n<hr class=\"wp-block-separator has-alpha-channel-opacity\"\/>\n\n\n\n<p><strong>Comparteix-lo a:<\/strong><\/p>\n\n\n\n<div class=\"ssk-group\" data-url=\"\" data-text=\"\">&nbsp;<\/div>\n\n\n\n<p><script type=\"text\/javascript\"><br \/>\nSocialShareKit.init();<br \/>\n<\/script><\/p>\n","protected":false},"excerpt":{"rendered":"<p>13 de Juliol de 2016 (12:00 h. &#8211; 13:00 h.)&nbsp;| L&#8217;Hospitalet de LLobregat, Barcelona. Espanya Horacio Rubio Monteverde \u00e9s un metge i cirurgi\u00e0 especialitzat en pneumologia i Otorinolaringologia. Professor associat i director (1980-1993) de l&#8217;Institut Nacional de Malalties Respirat\u00f2ries. Va promoure la Cl\u00ednica per Deixar de Fumar y va fundar la Revista del Instituto Nacional [&hellip;]<\/p>\n","protected":false},"author":15,"featured_media":0,"parent":0,"menu_order":0,"comment_status":"closed","ping_status":"closed","template":"","meta":{"_uag_custom_page_level_css":"","site-sidebar-layout":"default","site-content-layout":"","ast-site-content-layout":"default","site-content-style":"default","site-sidebar-style":"default","ast-global-header-display":"","ast-banner-title-visibility":"","ast-main-header-display":"","ast-hfb-above-header-display":"","ast-hfb-below-header-display":"","ast-hfb-mobile-header-display":"","site-post-title":"","ast-breadcrumbs-content":"","ast-featured-img":"","footer-sml-layout":"","ast-disable-related-posts":"","theme-transparent-header-meta":"","adv-header-id-meta":"","stick-header-meta":"","header-above-stick-meta":"","header-main-stick-meta":"","header-below-stick-meta":"","astra-migrate-meta-layouts":"set","ast-page-background-enabled":"default","ast-page-background-meta":{"desktop":{"background-color":"var(--ast-global-color-4)","background-image":"","background-repeat":"repeat","background-position":"center center","background-size":"auto","background-attachment":"scroll","background-type":"","background-media":"","overlay-type":"","overlay-color":"","overlay-opacity":"","overlay-gradient":""},"tablet":{"background-color":"","background-image":"","background-repeat":"repeat","background-position":"center center","background-size":"auto","background-attachment":"scroll","background-type":"","background-media":"","overlay-type":"","overlay-color":"","overlay-opacity":"","overlay-gradient":""},"mobile":{"background-color":"","background-image":"","background-repeat":"repeat","background-position":"center center","background-size":"auto","background-attachment":"scroll","background-type":"","background-media":"","overlay-type":"","overlay-color":"","overlay-opacity":"","overlay-gradient":""}},"ast-content-background-meta":{"desktop":{"background-color":"var(--ast-global-color-5)","background-image":"","background-repeat":"repeat","background-position":"center center","background-size":"auto","background-attachment":"scroll","background-type":"","background-media":"","overlay-type":"","overlay-color":"","overlay-opacity":"","overlay-gradient":""},"tablet":{"background-color":"var(--ast-global-color-5)","background-image":"","background-repeat":"repeat","background-position":"center center","background-size":"auto","background-attachment":"scroll","background-type":"","background-media":"","overlay-type":"","overlay-color":"","overlay-opacity":"","overlay-gradient":""},"mobile":{"background-color":"var(--ast-global-color-5)","background-image":"","background-repeat":"repeat","background-position":"center center","background-size":"auto","background-attachment":"scroll","background-type":"","background-media":"","overlay-type":"","overlay-color":"","overlay-opacity":"","overlay-gradient":""}},"_vp_format_video_url":"","_vp_image_focal_point":[],"footnotes":""},"class_list":["post-15199","page","type-page","status-publish","hentry"],"uagb_featured_image_src":{"full":false,"thumbnail":false,"medium":false,"medium_large":false,"large":false,"1536x1536":false,"2048x2048":false,"vp_sm":false,"vp_md":false,"vp_lg":false,"vp_xl":false,"vp_sm_popup":false,"vp_md_popup":false,"vp_xl_popup":false},"uagb_author_info":{"display_name":"xesco","author_link":"https:\/\/icoprevencio.cat\/uct\/author\/xesco\/"},"uagb_comment_info":0,"uagb_excerpt":"13 de Juliol de 2016 (12:00 h. &#8211; 13:00 h.)&nbsp;| L&#8217;Hospitalet de LLobregat, Barcelona. Espanya Horacio Rubio Monteverde \u00e9s un metge i cirurgi\u00e0 especialitzat en pneumologia i Otorinolaringologia. Professor associat i director (1980-1993) de l&#8217;Institut Nacional de Malalties Respirat\u00f2ries. Va promoure la Cl\u00ednica per Deixar de Fumar y va fundar la Revista del Instituto Nacional&hellip;","_links":{"self":[{"href":"https:\/\/icoprevencio.cat\/uct\/wp-json\/wp\/v2\/pages\/15199","targetHints":{"allow":["GET"]}}],"collection":[{"href":"https:\/\/icoprevencio.cat\/uct\/wp-json\/wp\/v2\/pages"}],"about":[{"href":"https:\/\/icoprevencio.cat\/uct\/wp-json\/wp\/v2\/types\/page"}],"author":[{"embeddable":true,"href":"https:\/\/icoprevencio.cat\/uct\/wp-json\/wp\/v2\/users\/15"}],"replies":[{"embeddable":true,"href":"https:\/\/icoprevencio.cat\/uct\/wp-json\/wp\/v2\/comments?post=15199"}],"version-history":[{"count":1,"href":"https:\/\/icoprevencio.cat\/uct\/wp-json\/wp\/v2\/pages\/15199\/revisions"}],"predecessor-version":[{"id":15200,"href":"https:\/\/icoprevencio.cat\/uct\/wp-json\/wp\/v2\/pages\/15199\/revisions\/15200"}],"wp:attachment":[{"href":"https:\/\/icoprevencio.cat\/uct\/wp-json\/wp\/v2\/media?parent=15199"}],"curies":[{"name":"wp","href":"https:\/\/api.w.org\/{rel}","templated":true}]}}