{"id":15352,"date":"2026-02-23T09:00:34","date_gmt":"2026-02-23T08:00:34","guid":{"rendered":"https:\/\/icoprevencio.cat\/uct\/?page_id=15352"},"modified":"2026-02-24T12:32:25","modified_gmt":"2026-02-24T11:32:25","slug":"whocc","status":"publish","type":"page","link":"https:\/\/icoprevencio.cat\/uct\/whocc\/","title":{"rendered":"CENTRE COL\u00b7LABORADOR DE L&#8217;OMS PER AL CONTROL DEL TABAC"},"content":{"rendered":"\n<div class=\"wp-block-uagb-container uagb-block-709c37ea alignfull uagb-is-root-container\"><div class=\"uagb-container-inner-blocks-wrap\">\n<div class=\"wp-block-uagb-info-box uagb-block-353171f0 uagb-infobox__content-wrap  uagb-infobox-icon-above-title uagb-infobox-image-valign-top wp-block-uagb-info-box--has-margin\"><div class=\"uagb-infobox-margin-wrapper\"><div class=\"uagb-ifb-content\"><div class=\"uagb-ifb-title-wrap\"><h2 class=\"uagb-ifb-title\">Centre Col\u00b7laborador de l&#8217;OMS per al Control del Tabac<\/h2><\/div><\/div><\/div><\/div>\n<\/div><\/div>\n\n\n\n<div class=\"wp-block-uagb-container uagb-block-8603d39b alignfull uagb-is-root-container\"><div class=\"uagb-container-inner-blocks-wrap\">\n<div style=\"height:29px\" aria-hidden=\"true\" class=\"wp-block-spacer\"><\/div>\n\n\n\n<h2 class=\"wp-block-heading\">Centre de refer\u00e8ncia internacional en l\u2019\u00e1mbit del tabac<\/h2>\n\n\n\n<p>La Unitat de Control del Tabac\/Institut Catal\u00e0 d&#8217;Oncologia va ser designada&nbsp;<a href=\"https:\/\/who.my.site.com\/ecc\/s\/view-designation-details?recordId=a79NN0000005EKZYA2\" data-type=\"link\" data-id=\"https:\/\/who.my.site.com\/ecc\/s\/view-designation-details?recordId=a79NN0000005EKZYA2\" target=\"_blank\" rel=\"noreferrer noopener\">Centre Col\u00b7laborador de la OMS per al Control del Tabac<\/a> el 19 de mar\u00e7 de 2015. Aquesta&nbsp;designaci\u00f3 reconeix la UCT de l&#8217;ICO com a centre de refer\u00e8ncia internacional en l&#8217;\u00e1mbit del tabac. La visibilitat i reconeixament internacional de la UCT es deu tant a la investigaci\u00f3 realitzada a Catalunya, Espanya i Europa com a la seva participaci\u00f3 i lideratge de xarxes&nbsp;internacionals. La UCT ha col\u00b7laborat en&nbsp;assesories i enc\u00e0rrecs espec\u00edfics de&nbsp;l&#8217;Oficina Europea de l&#8217;OMS (OMS-EURO, Copenhague), del Programa Mundial de Control del Tabac (OMS, Ginebra) i l&#8217;Ag\u00e8ncia Internacional d&#8217;Investigaci\u00f3 del C\u00e0ncer (IARC, Lyon).<\/p>\n\n\n\n<p class=\"has-ast-global-color-3-color has-text-color has-link-color has-medium-font-size wp-elements-2eb0d1e88a51274637fceb77f89d8d9f\" style=\"margin-top:0;margin-bottom:0\"><strong>Objectius del Centre Col\u00b7laborador&nbsp;<\/strong><\/p>\n\n\n\n<ul style=\"padding-top:0px;padding-bottom:0px\" class=\"wp-block-list\">\n<li>Proporcionar suport t\u00e8cnic per al seguiment, l&#8217;avaluaci\u00f3 i la investigaci\u00f3 en el control del tabac a l\u2019OMS i en pa\u00efsos de les regions europea, africana i americana.<\/li>\n\n\n\n<li>Desenvolupar xarxes i la creaci\u00f3 de capacitat en pa\u00efsos de les regions europea, africana i americana.<\/li>\n\n\n\n<li>Millorar i donar suport a la formaci\u00f3 dels professionals de la salut en pa\u00efsos de les regions europea, africana i americana.<\/li>\n\n\n\n<li>Facilitar i donar suport a la difusi\u00f3 de la informaci\u00f3 per a professionals i la ciutadania en pa\u00efsos de les regions europea, africana i americana<\/li>\n<\/ul>\n\n\n\n<p class=\"has-ast-global-color-3-color has-text-color has-link-color has-medium-font-size wp-elements-c62062d779a8978f77323b67d630449f\" style=\"margin-top:0;margin-bottom:0\"><strong>Activitats del Centre Col\u00b7laborador<\/strong><\/p>\n\n\n\n<p>Les activitats previstes poden incloure l\u2019organitzaci\u00f3 de jornades, seminaris i cursos presencials i a dist\u00e0ncia (de recerca, control i tractament del tabaquisme; de metodologia per a l\u2019avaluaci\u00f3 d\u2019intervencions, programes i pol\u00edtiques&#8230;), la coordinaci\u00f3 de grups de treball internacionals (sobre bones pr\u00e0ctiques, de centres sanitaris sense fum&#8230;) i l\u2019elaboraci\u00f3, traducci\u00f3 i disseminaci\u00f3 de guies, informes i materials per al control del tabac, amb especial \u00e8mfasi en l\u2019\u00fas de les xarxes socials.<br><br><a href=\"https:\/\/icowhosymposia.net\/\"><strong>ICO-WHO SYMPOSIA ON TOBACCO CONTROL<\/strong><\/a>: La UCT organitza, amb periodicitat bianual, un symposium internacional per al debat i la reflexi\u00f3 sobre temes d&#8217;inter\u00e9s i actualitat per al control del tabac. Els Symposia, d&#8217;un dia de durada, se celebren a la seu de l&#8217;ICO i apleguen un centenar de professionals i experts en la mat\u00e8ria. Els symposia celebrats han <strong>estat<\/strong>:<\/p>\n\n\n\n<ul style=\"padding-top:0px;padding-bottom:0px\" class=\"wp-block-list\">\n<li>Any 2012: <a href=\"https:\/\/www.icowhosymposia.net\/2012-presentation\/\" target=\"_blank\" rel=\"noopener noreferrer\">&#8220;<span lang=\"EN-GB\">The success of the failure of the &#8216;Spanish model&#8221;<\/span><\/a>.<\/li>\n\n\n\n<li>Any 2014:<a href=\"https:\/\/www.icowhosymposia.net\/2014-presentation\/\" target=\"_blank\" rel=\"noopener noreferrer\">&#8220;Current challenges for global tobacco control:&nbsp;electronic cigarettes&#8221;<\/a>.<\/li>\n\n\n\n<li>Any 2016:&nbsp;<a href=\"https:\/\/www.icowhosymposia.net\/2016-edition\/\">&#8220;The WHO Framework Convention on Tobacco Control: challenges ahead&#8221;<\/a>.<\/li>\n\n\n\n<li>Any 2018:&nbsp;<a href=\"https:\/\/www.icowhosymposia.net\/\">&#8220;Bridging the gap between research and policies in Tobacco Control&#8221;<\/a>.<\/li>\n\n\n\n<li>Any 2020: <a href=\"https:\/\/icowhosymposia.net\/2020-edition\/\">&#8220;Tobacco Endgame in Covid-19 Times&#8221;<\/a><\/li>\n\n\n\n<li>Any 2022:<a href=\"https:\/\/icowhosymposia.net\/2022-symposium\/\"> &#8220;From Tobacco Control to Tobacco Endgame&#8221;<\/a> <\/li>\n\n\n\n<li>Any 2024: <a href=\"https:\/\/icowhosymposia.net\/\">&#8220;Taking decisive action in Tobacco Control&#8221;<\/a><\/li>\n<\/ul>\n\n\n\n<p><strong><strong><a href=\"https:\/\/icoprevencio.cat\/uct\/seminaris-i-webinars\/\">TOBACCO CONTROL SEMINARS &amp; WEBINARS<\/a><\/strong><\/strong>: Aquests seminaris introdueixen temes nous i investigacions en curs sobre el control del tabac per part d\u2019experts nacionals i internacionals en un ambient cordial i acad\u00e8mic. Els seminaris estan oberts als professionals i estudiants del camp ampli del control del tabac i s\u2019organitzen aprofitant la visita d\u2019experts al nostre entorn per diversos motius.<\/p>\n<\/div><\/div>\n","protected":false},"excerpt":{"rendered":"<p>Centre de refer\u00e8ncia internacional en l\u2019\u00e1mbit del tabac La Unitat de Control del Tabac\/Institut Catal\u00e0 d&#8217;Oncologia va ser designada&nbsp;Centre Col\u00b7laborador de la OMS per al Control del Tabac el 19 de mar\u00e7 de 2015. Aquesta&nbsp;designaci\u00f3 reconeix la UCT de l&#8217;ICO com a centre de refer\u00e8ncia internacional en l&#8217;\u00e1mbit del tabac. La visibilitat i reconeixament internacional [&hellip;]<\/p>\n","protected":false},"author":15,"featured_media":0,"parent":0,"menu_order":0,"comment_status":"closed","ping_status":"closed","template":"","meta":{"_uag_custom_page_level_css":"","site-sidebar-layout":"default","site-content-layout":"","ast-site-content-layout":"default","site-content-style":"default","site-sidebar-style":"default","ast-global-header-display":"","ast-banner-title-visibility":"","ast-main-header-display":"","ast-hfb-above-header-display":"","ast-hfb-below-header-display":"","ast-hfb-mobile-header-display":"","site-post-title":"disabled","ast-breadcrumbs-content":"","ast-featured-img":"","footer-sml-layout":"","ast-disable-related-posts":"","theme-transparent-header-meta":"","adv-header-id-meta":"","stick-header-meta":"","header-above-stick-meta":"","header-main-stick-meta":"","header-below-stick-meta":"","astra-migrate-meta-layouts":"set","ast-page-background-enabled":"default","ast-page-background-meta":{"desktop":{"background-color":"var(--ast-global-color-4)","background-image":"","background-repeat":"repeat","background-position":"center center","background-size":"auto","background-attachment":"scroll","background-type":"","background-media":"","overlay-type":"","overlay-color":"","overlay-opacity":"","overlay-gradient":""},"tablet":{"background-color":"","background-image":"","background-repeat":"repeat","background-position":"center center","background-size":"auto","background-attachment":"scroll","background-type":"","background-media":"","overlay-type":"","overlay-color":"","overlay-opacity":"","overlay-gradient":""},"mobile":{"background-color":"","background-image":"","background-repeat":"repeat","background-position":"center center","background-size":"auto","background-attachment":"scroll","background-type":"","background-media":"","overlay-type":"","overlay-color":"","overlay-opacity":"","overlay-gradient":""}},"ast-content-background-meta":{"desktop":{"background-color":"var(--ast-global-color-5)","background-image":"","background-repeat":"repeat","background-position":"center center","background-size":"auto","background-attachment":"scroll","background-type":"","background-media":"","overlay-type":"","overlay-color":"","overlay-opacity":"","overlay-gradient":""},"tablet":{"background-color":"var(--ast-global-color-5)","background-image":"","background-repeat":"repeat","background-position":"center center","background-size":"auto","background-attachment":"scroll","background-type":"","background-media":"","overlay-type":"","overlay-color":"","overlay-opacity":"","overlay-gradient":""},"mobile":{"background-color":"var(--ast-global-color-5)","background-image":"","background-repeat":"repeat","background-position":"center center","background-size":"auto","background-attachment":"scroll","background-type":"","background-media":"","overlay-type":"","overlay-color":"","overlay-opacity":"","overlay-gradient":""}},"_vp_format_video_url":"","_vp_image_focal_point":[],"footnotes":""},"class_list":["post-15352","page","type-page","status-publish","hentry"],"uagb_featured_image_src":{"full":false,"thumbnail":false,"medium":false,"medium_large":false,"large":false,"1536x1536":false,"2048x2048":false,"vp_sm":false,"vp_md":false,"vp_lg":false,"vp_xl":false,"vp_sm_popup":false,"vp_md_popup":false,"vp_xl_popup":false},"uagb_author_info":{"display_name":"xesco","author_link":"https:\/\/icoprevencio.cat\/uct\/author\/xesco\/"},"uagb_comment_info":0,"uagb_excerpt":"Centre de refer\u00e8ncia internacional en l\u2019\u00e1mbit del tabac La Unitat de Control del Tabac\/Institut Catal\u00e0 d&#8217;Oncologia va ser designada&nbsp;Centre Col\u00b7laborador de la OMS per al Control del Tabac el 19 de mar\u00e7 de 2015. Aquesta&nbsp;designaci\u00f3 reconeix la UCT de l&#8217;ICO com a centre de refer\u00e8ncia internacional en l&#8217;\u00e1mbit del tabac. La visibilitat i reconeixament internacional&hellip;","_links":{"self":[{"href":"https:\/\/icoprevencio.cat\/uct\/wp-json\/wp\/v2\/pages\/15352","targetHints":{"allow":["GET"]}}],"collection":[{"href":"https:\/\/icoprevencio.cat\/uct\/wp-json\/wp\/v2\/pages"}],"about":[{"href":"https:\/\/icoprevencio.cat\/uct\/wp-json\/wp\/v2\/types\/page"}],"author":[{"embeddable":true,"href":"https:\/\/icoprevencio.cat\/uct\/wp-json\/wp\/v2\/users\/15"}],"replies":[{"embeddable":true,"href":"https:\/\/icoprevencio.cat\/uct\/wp-json\/wp\/v2\/comments?post=15352"}],"version-history":[{"count":14,"href":"https:\/\/icoprevencio.cat\/uct\/wp-json\/wp\/v2\/pages\/15352\/revisions"}],"predecessor-version":[{"id":15442,"href":"https:\/\/icoprevencio.cat\/uct\/wp-json\/wp\/v2\/pages\/15352\/revisions\/15442"}],"wp:attachment":[{"href":"https:\/\/icoprevencio.cat\/uct\/wp-json\/wp\/v2\/media?parent=15352"}],"curies":[{"name":"wp","href":"https:\/\/api.w.org\/{rel}","templated":true}]}}