{"id":1112,"date":"2016-02-19T10:00:01","date_gmt":"2016-02-19T09:00:01","guid":{"rendered":"https:\/\/icoprevencio.cat\/uct\/?post_type=portfolio&#038;p=1112"},"modified":"2024-06-05T09:56:30","modified_gmt":"2024-06-05T08:56:30","slug":"hatlas","status":"publish","type":"portfolio","link":"https:\/\/icoprevencio.cat\/uct\/portfolio\/hatlas\/","title":{"rendered":"HATLAS: Exposici\u00f3 al Fum del Tabac Ambiental en espais oberts i semi-oberts"},"content":{"rendered":"<hr \/>\n<p><span style=\"color: #800000\"><strong>Antecedents<\/strong><\/span><br \/>\nExisteixen discrep\u00e0ncies sobre si s&#8217;ha de permetre o no fumar en certs llocs a l&#8217;aire lliure. Els que s&#8217;oposen a aquesta prohibici\u00f3 argumenten que \u00e9s \u00e8ticament insostenible i que no hi ha proves suficients que el Fum Ambiental del Tabac (FAT) en aquests llocs tingui un veritable impacte sobre la salut que justifiqui aquesta regulaci\u00f3. Tot i\u00a0aix\u00f2, hi ha evid\u00e8ncia cient\u00edfica que no existeix un nivell segur d&#8217;exposici\u00f3 al FAT. Per aix\u00f2, les persones que estan d&#8217;acord amb la regulaci\u00f3 argumenten que la manca de prohibici\u00f3 de fumar en algunes zones a l&#8217;aire lliure pot exposar a les persones no fumadores a nivells de FAT m\u00e9s alts que en els d&#8217;espais interiors on no est\u00e0 perm\u00e8s fumar.<\/p>\n<p><span style=\"color: #800000\"><strong>Objectiu general<\/strong><\/span><br \/>\nCaracteritzar l&#8217;exposici\u00f3 al FAT en diferents llocs a l&#8217;aire lliure, ja es tracti d&#8217;espais oberts o semioberts adjacents a llocs interiors en qu\u00e8 no est\u00e0 perm\u00e8s fumar (com entrades d&#8217;edificis o terrasses de bars i restaurants) o altres espais oberts o semioberts en qu\u00e8 l&#8217;actual legislaci\u00f3 espanyola (i la dels pa\u00efsos de la Uni\u00f3 Europea) permet fumar en l&#8217;actualitat.<\/p>\n<p><span style=\"color: #800000\"><strong>Metodologia<\/strong><\/span><br \/>\nEstudi transversal d&#8217;una mostra de llocs oberts i semioberts (per tenir algun cobriment parcial) sense prohibici\u00f3 de fumar segons la Llei 42\/2010. La mostra inclou els accessos a edificis p\u00fablics (n=50), terrasses de bars i restaurants (n=50), parades de transports p\u00fablics (autob\u00fas, n=50), instal\u00b7lacions esportives escolars i no escolars (camps de futbol i poliesportius, estadis d&#8217;atletisme; n=20) i altres complexos (centres comercials oberts o semioberts, mercats, mercats ambulants, etc .; n=10).<\/p>\n<p><span style=\"color: #800000\"><strong>Durada<\/strong><\/span><br \/>\n2012-2014 (prorrogat 2015). Actualment en fase d&#8217;an\u00e0lisi de dades i publicaci\u00f3 de resultats.<\/p>\n<p><span style=\"color: #800000\"><strong>Finan\u00e7ament<\/strong><\/span><br \/>\nAjut PI11-02054 (56.265,00 \u20ac, en tres anualitats)\u00a0del Fondo de Investigaci\u00f3n Sanitaria de l&#8217;Instituto de Salud Carlos III (Fondo de Desarrollo Regional Europeo, FEDER)<\/p>\n<p><span style=\"color: #800000\"><strong>Equip investigador<\/strong><\/span><\/p>\n<ul>\n<li><a href=\"https:\/\/icoprevencio.cat\/uct\/?member=esteve-fernandez\">Esteve Fern\u00e1ndez<\/a> (Investigador Principal, ICO-IDIBELL)<\/li>\n<li><a href=\"https:\/\/icoprevencio.cat\/uct\/?member=montse-ballbe\">Montse Ballb\u00e8 <\/a>(ICO-IDIBELL)<\/li>\n<li>Esther Carabasa (ICO-IDBELL)<\/li>\n<li>Francesc Centrich (ASPB)<\/li>\n<li><a href=\"https:\/\/icoprevencio.cat\/uct\/?p=1748\">Ariadna Feliu<\/a> (UCT ICO-IDIBELL)<\/li>\n<li><a href=\"https:\/\/icoprevencio.cat\/uct\/?p=233\" target=\"_blank\" rel=\"noopener noreferrer\">Marcela Fu<\/a> (ICO-IDIBELL)<\/li>\n<li>Mar\u00eda Jos\u00e9 L\u00f3pez (ASPB)<\/li>\n<li>Gl\u00f2ria Mu\u00f1oz (ASPB)<\/li>\n<li><a href=\"https:\/\/icoprevencio.cat\/uct\/?p=1533\">Esteve Salt\u00f3<\/a> (DS, ICO-IDIBELL)<\/li>\n<li><a href=\"https:\/\/icoprevencio.cat\/uct\/?member=xisca-sureda\">Xisca Sureda<\/a> (ICO-IDIBELL).<\/li>\n<\/ul>\n<p>[alert type=&#8221;danger&#8221; close=&#8221;no&#8221;]<strong>Principals resultats obtinguts<\/strong>[\/alert]<\/p>\n<p><strong>Articles<\/strong><\/p>\n<ul>\n<li>Sureda X, Fern\u00e1ndez E., L\u00f3pez MJ i Nebot M. (2013). <a href=\"http:\/\/ehp.niehs.nih.gov\/wp-content\/uploads\/121\/7\/ehp.1205806.pdf\" target=\"_blank\" rel=\"noopener noreferrer\">Secondhand tobacco smoke exposure in open and semi-open settings: a systematic review.<\/a> Environmental Health Perspectives, 2013;121:766-773.<\/li>\n<\/ul>\n<ul>\n<li>Fu M, Fern\u00e1ndez E, Mart\u00ednez-S\u00e1nchez JM, San Emeterio N, Quir\u00f3s N, Sureda X, Ballb\u00e8 M, Mu\u00f1oz G, Riccobene A, Centrich, Salt\u00f3 E, L\u00f3pez MJ. <a href=\"http:\/\/www.sciencedirect.com\/science\/article\/pii\/S0013935116301505\" target=\"_blank\" rel=\"noopener noreferrer\">Second-hand smoke exposure in indoor and outdoor areas of caf\u00e9s and restaurants: Need for extending smoking regulation outdoors?<\/a> Environmental Research. 2016; 148: 421\u201328.<\/li>\n<\/ul>\n<p>&nbsp;<\/p>\n<p><strong>Treball de Fi de Grau (Ci\u00e8ncies biom\u00e8diques, Universitat de Barcelona)<\/strong><\/p>\n<ul>\n<li><strong><a href=\"\/uct\/?p=1133\" target=\"_blank\" rel=\"noopener noreferrer\">Second-hand smoke in hospitality venues: indoor and outdoor PM2.5 concentrations<\/a><\/strong><\/li>\n<\/ul>\n<p>&nbsp;<\/p>\n<p><strong>Not\u00edcies en premsa<\/strong><\/p>\n<ul>\n<li>Not\u00edcia sobre l&#8217;article a EHP a la mateixa revista: &#8220;<a href=\"http:\/\/ehp.niehs.nih.gov\/121-a229\/\" target=\"_blank\" rel=\"noopener noreferrer\"><strong>Outdoor smoking areas: does the science support a ban<\/strong>?<\/a>&#8220;<\/li>\n<li>Article de N\u00faria Jar publicat a BigVang de La Vanguardia: \u201c<a href=\"http:\/\/www.lavanguardia.com\/ciencia\/cuerpo-humano\/20160531\/402165264080\/tabaco-humo-nicotina-espacios-abiertos.html\" target=\"_blank\" rel=\"noopener noreferrer\"><strong>Fumar en la puerta del bar tambi\u00e9n perjudica a los que est\u00e1n dentro<\/strong><\/a>\u201d (31 de maig 2016)<\/li>\n<\/ul>\n<hr \/>\n<p class=\"p1\"><span class=\"s1\">[call_to_action style=&#8221;bar&#8221; title=&#8221;&#8221; btn_title=&#8221;Contactar&#8221; url=&#8221;https:\/\/icoprevencio.cat\/uct\/contact\/&#8221; target=&#8221;_self&#8221; btn_color=&#8221;royalblue&#8221; btn_style=&#8221;float-btn&#8221; effect=&#8221;&#8221;]Si no tens acc\u00e9s a alg\u00fa dels documents anteriors contacta amb nosaltres<\/span><span class=\"s1\">[\/call_to_action]<\/span><\/p>\n<hr \/>\n","protected":false},"excerpt":{"rendered":"<p>Antecedents Existeixen discrep\u00e0ncies sobre si s&#8217;ha de permetre o no fumar en certs llocs a l&#8217;aire lliure. Els que s&#8217;oposen a aquesta prohibici\u00f3 argumenten que \u00e9s \u00e8ticament insostenible i que no hi ha proves suficients que el Fum Ambiental del Tabac (FAT) en aquests llocs tingui un veritable impacte sobre la salut que justifiqui aquesta [&hellip;]<\/p>\n","protected":false},"author":15,"featured_media":3150,"menu_order":0,"comment_status":"closed","ping_status":"closed","template":"","format":"standard","meta":{"_uag_custom_page_level_css":"","site-sidebar-layout":"default","site-content-layout":"","ast-site-content-layout":"default","site-content-style":"default","site-sidebar-style":"default","ast-global-header-display":"","ast-banner-title-visibility":"","ast-main-header-display":"","ast-hfb-above-header-display":"","ast-hfb-below-header-display":"","ast-hfb-mobile-header-display":"","site-post-title":"","ast-breadcrumbs-content":"","ast-featured-img":"","footer-sml-layout":"","ast-disable-related-posts":"","theme-transparent-header-meta":"","adv-header-id-meta":"","stick-header-meta":"","header-above-stick-meta":"","header-main-stick-meta":"","header-below-stick-meta":"","astra-migrate-meta-layouts":"default","ast-page-background-enabled":"default","ast-page-background-meta":{"desktop":{"background-color":"var(--ast-global-color-4)","background-image":"","background-repeat":"repeat","background-position":"center center","background-size":"auto","background-attachment":"scroll","background-type":"","background-media":"","overlay-type":"","overlay-color":"","overlay-opacity":"","overlay-gradient":""},"tablet":{"background-color":"","background-image":"","background-repeat":"repeat","background-position":"center center","background-size":"auto","background-attachment":"scroll","background-type":"","background-media":"","overlay-type":"","overlay-color":"","overlay-opacity":"","overlay-gradient":""},"mobile":{"background-color":"","background-image":"","background-repeat":"repeat","background-position":"center center","background-size":"auto","background-attachment":"scroll","background-type":"","background-media":"","overlay-type":"","overlay-color":"","overlay-opacity":"","overlay-gradient":""}},"ast-content-background-meta":{"desktop":{"background-color":"var(--ast-global-color-5)","background-image":"","background-repeat":"repeat","background-position":"center center","background-size":"auto","background-attachment":"scroll","background-type":"","background-media":"","overlay-type":"","overlay-color":"","overlay-opacity":"","overlay-gradient":""},"tablet":{"background-color":"var(--ast-global-color-5)","background-image":"","background-repeat":"repeat","background-position":"center center","background-size":"auto","background-attachment":"scroll","background-type":"","background-media":"","overlay-type":"","overlay-color":"","overlay-opacity":"","overlay-gradient":""},"mobile":{"background-color":"var(--ast-global-color-5)","background-image":"","background-repeat":"repeat","background-position":"center center","background-size":"auto","background-attachment":"scroll","background-type":"","background-media":"","overlay-type":"","overlay-color":"","overlay-opacity":"","overlay-gradient":""}},"_vp_format_video_url":"","_vp_image_focal_point":[],"footnotes":""},"portfolio_category":[170],"portfolio_tag":[],"class_list":["post-1112","portfolio","type-portfolio","status-publish","format-standard","has-post-thumbnail","hentry","portfolio_category-recerca-finalitzats"],"uagb_featured_image_src":{"full":["https:\/\/icoprevencio.cat\/uct\/wp-content\/uploads\/sites\/10\/2016\/02\/HATLAS.jpg",450,254,false],"thumbnail":["https:\/\/icoprevencio.cat\/uct\/wp-content\/uploads\/sites\/10\/2016\/02\/HATLAS-150x150.jpg",150,150,true],"medium":["https:\/\/icoprevencio.cat\/uct\/wp-content\/uploads\/sites\/10\/2016\/02\/HATLAS-300x169.jpg",300,169,true],"medium_large":["https:\/\/icoprevencio.cat\/uct\/wp-content\/uploads\/sites\/10\/2016\/02\/HATLAS.jpg",450,254,false],"large":["https:\/\/icoprevencio.cat\/uct\/wp-content\/uploads\/sites\/10\/2016\/02\/HATLAS.jpg",450,254,false],"1536x1536":["https:\/\/icoprevencio.cat\/uct\/wp-content\/uploads\/sites\/10\/2016\/02\/HATLAS.jpg",450,254,false],"2048x2048":["https:\/\/icoprevencio.cat\/uct\/wp-content\/uploads\/sites\/10\/2016\/02\/HATLAS.jpg",450,254,false],"vp_sm":["https:\/\/icoprevencio.cat\/uct\/wp-content\/uploads\/sites\/10\/2016\/02\/HATLAS.jpg",450,254,false],"vp_md":["https:\/\/icoprevencio.cat\/uct\/wp-content\/uploads\/sites\/10\/2016\/02\/HATLAS.jpg",450,254,false],"vp_lg":["https:\/\/icoprevencio.cat\/uct\/wp-content\/uploads\/sites\/10\/2016\/02\/HATLAS.jpg",450,254,false],"vp_xl":["https:\/\/icoprevencio.cat\/uct\/wp-content\/uploads\/sites\/10\/2016\/02\/HATLAS.jpg",450,254,false],"vp_sm_popup":["https:\/\/icoprevencio.cat\/uct\/wp-content\/uploads\/sites\/10\/2016\/02\/HATLAS.jpg",450,254,false],"vp_md_popup":["https:\/\/icoprevencio.cat\/uct\/wp-content\/uploads\/sites\/10\/2016\/02\/HATLAS.jpg",450,254,false],"vp_xl_popup":["https:\/\/icoprevencio.cat\/uct\/wp-content\/uploads\/sites\/10\/2016\/02\/HATLAS.jpg",450,254,false]},"uagb_author_info":{"display_name":"xesco","author_link":"https:\/\/icoprevencio.cat\/uct\/author\/xesco\/"},"uagb_comment_info":0,"uagb_excerpt":"Antecedents Existeixen discrep\u00e0ncies sobre si s&#8217;ha de permetre o no fumar en certs llocs a l&#8217;aire lliure. Els que s&#8217;oposen a aquesta prohibici\u00f3 argumenten que \u00e9s \u00e8ticament insostenible i que no hi ha proves suficients que el Fum Ambiental del Tabac (FAT) en aquests llocs tingui un veritable impacte sobre la salut que justifiqui aquesta&hellip;","_links":{"self":[{"href":"https:\/\/icoprevencio.cat\/uct\/wp-json\/wp\/v2\/portfolio\/1112","targetHints":{"allow":["GET"]}}],"collection":[{"href":"https:\/\/icoprevencio.cat\/uct\/wp-json\/wp\/v2\/portfolio"}],"about":[{"href":"https:\/\/icoprevencio.cat\/uct\/wp-json\/wp\/v2\/types\/portfolio"}],"author":[{"embeddable":true,"href":"https:\/\/icoprevencio.cat\/uct\/wp-json\/wp\/v2\/users\/15"}],"replies":[{"embeddable":true,"href":"https:\/\/icoprevencio.cat\/uct\/wp-json\/wp\/v2\/comments?post=1112"}],"version-history":[{"count":2,"href":"https:\/\/icoprevencio.cat\/uct\/wp-json\/wp\/v2\/portfolio\/1112\/revisions"}],"predecessor-version":[{"id":14121,"href":"https:\/\/icoprevencio.cat\/uct\/wp-json\/wp\/v2\/portfolio\/1112\/revisions\/14121"}],"wp:featuredmedia":[{"embeddable":true,"href":"https:\/\/icoprevencio.cat\/uct\/wp-json\/wp\/v2\/media\/3150"}],"wp:attachment":[{"href":"https:\/\/icoprevencio.cat\/uct\/wp-json\/wp\/v2\/media?parent=1112"}],"wp:term":[{"taxonomy":"portfolio_category","embeddable":true,"href":"https:\/\/icoprevencio.cat\/uct\/wp-json\/wp\/v2\/portfolio_category?post=1112"},{"taxonomy":"portfolio_tag","embeddable":true,"href":"https:\/\/icoprevencio.cat\/uct\/wp-json\/wp\/v2\/portfolio_tag?post=1112"}],"curies":[{"name":"wp","href":"https:\/\/api.w.org\/{rel}","templated":true}]}}

HATLAS: Exposició al Fum del Tabac Ambiental en espais oberts i semi-oberts

<hr />
<p><span style="color: #800000"><strong>Antecedents</strong></span><br />
Existeixen discrepàncies sobre si s&#8217;ha de permetre o no fumar en certs llocs a l&#8217;aire lliure. Els que s&#8217;oposen a aquesta prohibició argumenten que és èticament insostenible i que no hi ha proves suficients que el Fum Ambiental del Tabac (FAT) en aquests llocs tingui un veritable impacte sobre la salut que justifiqui aquesta regulació. Tot i això, hi ha evidència científica que no existeix un nivell segur d&#8217;exposició al FAT. Per això, les persones que estan d&#8217;acord amb la regulació argumenten que la manca de prohibició de fumar en algunes zones a l&#8217;aire lliure pot exposar a les persones no fumadores a nivells de FAT més alts que en els d&#8217;espais interiors on no està permès fumar.</p>
<p><span style="color: #800000"><strong>Objectiu general</strong></span><br />
Caracteritzar l&#8217;exposició al FAT en diferents llocs a l&#8217;aire lliure, ja es tracti d&#8217;espais oberts o semioberts adjacents a llocs interiors en què no està permès fumar (com entrades d&#8217;edificis o terrasses de bars i restaurants) o altres espais oberts o semioberts en què l&#8217;actual legislació espanyola (i la dels països de la Unió Europea) permet fumar en l&#8217;actualitat.</p>
<p><span style="color: #800000"><strong>Metodologia</strong></span><br />
Estudi transversal d&#8217;una mostra de llocs oberts i semioberts (per tenir algun cobriment parcial) sense prohibició de fumar segons la Llei 42/2010. La mostra inclou els accessos a edificis públics (n=50), terrasses de bars i restaurants (n=50), parades de transports públics (autobús, n=50), instal·lacions esportives escolars i no escolars (camps de futbol i poliesportius, estadis d&#8217;atletisme; n=20) i altres complexos (centres comercials oberts o semioberts, mercats, mercats ambulants, etc .; n=10).</p>
<p><span style="color: #800000"><strong>Durada</strong></span><br />
2012-2014 (prorrogat 2015). Actualment en fase d&#8217;anàlisi de dades i publicació de resultats.</p>
<p><span style="color: #800000"><strong>Finançament</strong></span><br />
Ajut PI11-02054 (56.265,00 €, en tres anualitats) del Fondo de Investigación Sanitaria de l&#8217;Instituto de Salud Carlos III (Fondo de Desarrollo Regional Europeo, FEDER)</p>
<p><span style="color: #800000"><strong>Equip investigador</strong></span></p>
<ul>
<li><a href="https://icoprevencio.cat/uct/?member=esteve-fernandez">Esteve Fernández</a> (Investigador Principal, ICO-IDIBELL)</li>
<li><a href="https://icoprevencio.cat/uct/?member=montse-ballbe">Montse Ballbè </a>(ICO-IDIBELL)</li>
<li>Esther Carabasa (ICO-IDBELL)</li>
<li>Francesc Centrich (ASPB)</li>
<li><a href="https://icoprevencio.cat/uct/?p=1748">Ariadna Feliu</a> (UCT ICO-IDIBELL)</li>
<li><a href="https://icoprevencio.cat/uct/?p=233" target="_blank" rel="noopener noreferrer">Marcela Fu</a> (ICO-IDIBELL)</li>
<li>María José López (ASPB)</li>
<li>Glòria Muñoz (ASPB)</li>
<li><a href="https://icoprevencio.cat/uct/?p=1533">Esteve Saltó</a> (DS, ICO-IDIBELL)</li>
<li><a href="https://icoprevencio.cat/uct/?member=xisca-sureda">Xisca Sureda</a> (ICO-IDIBELL).</li>
</ul>
<p>[alert type=&#8221;danger&#8221; close=&#8221;no&#8221;]<strong>Principals resultats obtinguts</strong>[/alert]</p>
<p><strong>Articles</strong></p>
<ul>
<li>Sureda X, Fernández E., López MJ i Nebot M. (2013). <a href="http://ehp.niehs.nih.gov/wp-content/uploads/121/7/ehp.1205806.pdf" target="_blank" rel="noopener noreferrer">Secondhand tobacco smoke exposure in open and semi-open settings: a systematic review.</a> Environmental Health Perspectives, 2013;121:766-773.</li>
</ul>
<ul>
<li>Fu M, Fernández E, Martínez-Sánchez JM, San Emeterio N, Quirós N, Sureda X, Ballbè M, Muñoz G, Riccobene A, Centrich, Saltó E, López MJ. <a href="http://www.sciencedirect.com/science/article/pii/S0013935116301505" target="_blank" rel="noopener noreferrer">Second-hand smoke exposure in indoor and outdoor areas of cafés and restaurants: Need for extending smoking regulation outdoors?</a> Environmental Research. 2016; 148: 421–28.</li>
</ul>
<p>&nbsp;</p>
<p><strong>Treball de Fi de Grau (Ciències biomèdiques, Universitat de Barcelona)</strong></p>
<ul>
<li><strong><a href="/uct/?p=1133" target="_blank" rel="noopener noreferrer">Second-hand smoke in hospitality venues: indoor and outdoor PM2.5 concentrations</a></strong></li>
</ul>
<p>&nbsp;</p>
<p><strong>Notícies en premsa</strong></p>
<ul>
<li>Notícia sobre l&#8217;article a EHP a la mateixa revista: &#8220;<a href="http://ehp.niehs.nih.gov/121-a229/" target="_blank" rel="noopener noreferrer"><strong>Outdoor smoking areas: does the science support a ban</strong>?</a>&#8220;</li>
<li>Article de Núria Jar publicat a BigVang de La Vanguardia: “<a href="http://www.lavanguardia.com/ciencia/cuerpo-humano/20160531/402165264080/tabaco-humo-nicotina-espacios-abiertos.html" target="_blank" rel="noopener noreferrer"><strong>Fumar en la puerta del bar también perjudica a los que están dentro</strong></a>” (31 de maig 2016)</li>
</ul>
<hr />
<p class="p1"><span class="s1">[call_to_action style=&#8221;bar&#8221; title=&#8221;&#8221; btn_title=&#8221;Contactar&#8221; url=&#8221;https://icoprevencio.cat/uct/contact/&#8221; target=&#8221;_self&#8221; btn_color=&#8221;royalblue&#8221; btn_style=&#8221;float-btn&#8221; effect=&#8221;&#8221;]Si no tens accés a algú dels documents anteriors contacta amb nosaltres</span><span class="s1">[/call_to_action]</span></p>
<hr />

<p>Antecedents Existeixen discrepàncies sobre si s&#8217;ha de permetre o no fumar en certs llocs a l&#8217;aire lliure. Els que s&#8217;oposen a aquesta prohibició argumenten que és èticament insostenible i que no hi ha proves suficients que el Fum Ambiental del Tabac (FAT) en aquests llocs tingui un veritable impacte sobre la salut que justifiqui aquesta [&hellip;]</p>

Antecedents Existeixen discrepàncies sobre si s&#8217;ha de permetre o no fumar en certs llocs a l&#8217;aire lliure. Els que s&#8217;oposen a aquesta prohibició argumenten que és èticament insostenible i que no hi ha proves suficients que el Fum Ambiental del Tabac (FAT) en aquests llocs tingui un veritable impacte sobre la salut que justifiqui aquesta&hellip;
