{"id":10202,"date":"2024-06-18T11:10:24","date_gmt":"2024-06-18T10:10:24","guid":{"rendered":"https:\/\/icoprevencio.cat\/uct\/?post_type=team&#038;p=10202"},"modified":"2024-12-11T09:19:57","modified_gmt":"2024-12-11T08:19:57","slug":"dolors-carnicer","status":"publish","type":"team","link":"https:\/\/icoprevencio.cat\/uct\/member\/dolors-carnicer\/","title":{"rendered":"Dolors Carnicer-Pont"},"content":{"rendered":"<div class=\"default-left-side col-md-8 col-sm-8\">\n<div class=\"entry-right-side\">\n<div class=\"short-content\">Llicenciada en Medicina i Cirurgia per la Universitat Aut\u00f2noma de Barcelona (UAB) l\u2019any 1983. M\u00e0ster de Salut P\u00fablica per la London School of Hygiene and Tropical Medicine (LSHTM) l\u2019any 1998. Especialista en Medicina Preventiva i Salut P\u00fablica per la UAB l\u2019any 2002. Epidemi\u00f2loga per l\u2019European Programme for Intervention Epidemiology Training (EPIET) l\u2019any 2004. Doctora en Medicina Preventiva i Salut P\u00fablica per la UAB l\u2019any 2015.<\/div>\n<div><\/div>\n<div class=\"short-content\"><span style=\"font-size: 16px\">Ha treballat en vigil\u00e0ncia epidemiol\u00f2gica, investigacions de brots epid\u00e8mics i prevenci\u00f3 i control de malalties transmissibles, a l\u2019Ag\u00e8ncia de protecci\u00f3 de la salut del Regne Unit. En projectes humanitaris i avaluacions de projectes amb Metges Sense Fronteres (MSF) i com a consultora en eradicaci\u00f3 de la poliomielitis amb l\u2019Organitzaci\u00f3 Mundial de la Salut (OMS). M\u00e9s recentment, a Catalunya, ha fet recerca operativa relacionada amb infeccions de transmissi\u00f3 sexual.<\/span><\/div>\n<div class=\"short-content\">\n<div id=\"page-content-wrap\">\n<div id=\"main\" class=\"container\">\n<div class=\"row\">\n<section class=\"col-md-12 col-sm-12\">\n<article id=\"post-5577\" class=\"entry-post post-5577 member type-member status-publish has-post-thumbnail hentry member-cats-investigador member-cats-investigador-a-principal\">\n<div class=\"entry-content\">\n<p>&nbsp;<\/p>\n<p>Actualment, \u00e9s coinvestigadora principal de projectes de recerca sobre infeccions de transmissi\u00f3 sexual a l\u2019atenci\u00f3 prim\u00e0ria de l\u2019Institut Catal\u00e0 de la Salut (ICS) i l\u2019Institut d\u2019Investigaci\u00f3 en Atenci\u00f3 Prim\u00e0ria (IDIAP). Participa com a investigadora de la Unitat de Control del Tabac (UCT), en la \u201cJoint Action on Tobacco Control\u201d del 3er programa de la Comissi\u00f3 Europea, 2016-2019 ubicat a l\u2019Institut Catal\u00e0 d\u2019Oncologia (ICO).<\/p>\n<\/div>\n<\/article>\n<\/section>\n<\/div>\n<\/div>\n<\/div>\n<div id=\"footer-wrap\">\n<footer class=\"footer-content\">\n<div class=\"footer-widgets-content\">\n<div class=\"container\">\n<div class=\"row\">\n<div class=\"col-md-12 col-sm-12 footer-full-widget\">\n<div id=\"text-6\" class=\"widget widget_text\">\n<div class=\"textwidget\">\n<div><\/div>\n<\/div>\n<\/div>\n<\/div>\n<\/div>\n<\/div>\n<\/div>\n<\/footer>\n<\/div>\n<\/div>\n<\/div>\n<\/div>\n","protected":false},"author":28,"featured_media":10203,"menu_order":0,"template":"","meta":{"_uag_custom_page_level_css":"","site-sidebar-layout":"default","site-content-layout":"","ast-site-content-layout":"default","site-content-style":"default","site-sidebar-style":"default","ast-global-header-display":"","ast-banner-title-visibility":"","ast-main-header-display":"","ast-hfb-above-header-display":"","ast-hfb-below-header-display":"","ast-hfb-mobile-header-display":"","site-post-title":"","ast-breadcrumbs-content":"","ast-featured-img":"","footer-sml-layout":"","ast-disable-related-posts":"","theme-transparent-header-meta":"default","adv-header-id-meta":"","stick-header-meta":"","header-above-stick-meta":"","header-main-stick-meta":"","header-below-stick-meta":"","astra-migrate-meta-layouts":"set","ast-page-background-enabled":"default","ast-page-background-meta":{"desktop":{"background-color":"var(--ast-global-color-4)","background-image":"","background-repeat":"repeat","background-position":"center center","background-size":"auto","background-attachment":"scroll","background-type":"","background-media":"","overlay-type":"","overlay-color":"","overlay-opacity":"","overlay-gradient":""},"tablet":{"background-color":"","background-image":"","background-repeat":"repeat","background-position":"center center","background-size":"auto","background-attachment":"scroll","background-type":"","background-media":"","overlay-type":"","overlay-color":"","overlay-opacity":"","overlay-gradient":""},"mobile":{"background-color":"","background-image":"","background-repeat":"repeat","background-position":"center center","background-size":"auto","background-attachment":"scroll","background-type":"","background-media":"","overlay-type":"","overlay-color":"","overlay-opacity":"","overlay-gradient":""}},"ast-content-background-meta":{"desktop":{"background-color":"var(--ast-global-color-5)","background-image":"","background-repeat":"repeat","background-position":"center center","background-size":"auto","background-attachment":"scroll","background-type":"","background-media":"","overlay-type":"","overlay-color":"","overlay-opacity":"","overlay-gradient":""},"tablet":{"background-color":"var(--ast-global-color-5)","background-image":"","background-repeat":"repeat","background-position":"center center","background-size":"auto","background-attachment":"scroll","background-type":"","background-media":"","overlay-type":"","overlay-color":"","overlay-opacity":"","overlay-gradient":""},"mobile":{"background-color":"var(--ast-global-color-5)","background-image":"","background-repeat":"repeat","background-position":"center center","background-size":"auto","background-attachment":"scroll","background-type":"","background-media":"","overlay-type":"","overlay-color":"","overlay-opacity":"","overlay-gradient":""}},"_vp_format_video_url":"","_vp_image_focal_point":[]},"team_designation":[],"team_department":[160,161],"class_list":["post-10202","team","type-team","status-publish","has-post-thumbnail","hentry","team_department-investigador-a","team_department-investigador-a-principal"],"uagb_featured_image_src":{"full":["https:\/\/icoprevencio.cat\/uct\/wp-content\/uploads\/sites\/10\/2024\/06\/DSC04333-150x150-1.jpg",150,150,false],"thumbnail":["https:\/\/icoprevencio.cat\/uct\/wp-content\/uploads\/sites\/10\/2024\/06\/DSC04333-150x150-1.jpg",150,150,false],"medium":["https:\/\/icoprevencio.cat\/uct\/wp-content\/uploads\/sites\/10\/2024\/06\/DSC04333-150x150-1.jpg",150,150,false],"medium_large":["https:\/\/icoprevencio.cat\/uct\/wp-content\/uploads\/sites\/10\/2024\/06\/DSC04333-150x150-1.jpg",150,150,false],"large":["https:\/\/icoprevencio.cat\/uct\/wp-content\/uploads\/sites\/10\/2024\/06\/DSC04333-150x150-1.jpg",150,150,false],"1536x1536":["https:\/\/icoprevencio.cat\/uct\/wp-content\/uploads\/sites\/10\/2024\/06\/DSC04333-150x150-1.jpg",150,150,false],"2048x2048":["https:\/\/icoprevencio.cat\/uct\/wp-content\/uploads\/sites\/10\/2024\/06\/DSC04333-150x150-1.jpg",150,150,false],"vp_sm":["https:\/\/icoprevencio.cat\/uct\/wp-content\/uploads\/sites\/10\/2024\/06\/DSC04333-150x150-1.jpg",150,150,false],"vp_md":["https:\/\/icoprevencio.cat\/uct\/wp-content\/uploads\/sites\/10\/2024\/06\/DSC04333-150x150-1.jpg",150,150,false],"vp_lg":["https:\/\/icoprevencio.cat\/uct\/wp-content\/uploads\/sites\/10\/2024\/06\/DSC04333-150x150-1.jpg",150,150,false],"vp_xl":["https:\/\/icoprevencio.cat\/uct\/wp-content\/uploads\/sites\/10\/2024\/06\/DSC04333-150x150-1.jpg",150,150,false],"vp_sm_popup":["https:\/\/icoprevencio.cat\/uct\/wp-content\/uploads\/sites\/10\/2024\/06\/DSC04333-150x150-1.jpg",150,150,false],"vp_md_popup":["https:\/\/icoprevencio.cat\/uct\/wp-content\/uploads\/sites\/10\/2024\/06\/DSC04333-150x150-1.jpg",150,150,false],"vp_xl_popup":["https:\/\/icoprevencio.cat\/uct\/wp-content\/uploads\/sites\/10\/2024\/06\/DSC04333-150x150-1.jpg",150,150,false]},"uagb_author_info":{"display_name":"clara","author_link":"https:\/\/icoprevencio.cat\/uct\/author\/clara\/"},"uagb_comment_info":0,"uagb_excerpt":"Llicenciada en Medicina i Cirurgia per la Universitat Aut\u00f2noma de Barcelona (UAB) l\u2019any 1983. M\u00e0ster de Salut P\u00fablica per la London School of Hygiene and Tropical Medicine (LSHTM) l\u2019any 1998. Especialista en Medicina Preventiva i Salut P\u00fablica per la UAB l\u2019any 2002. Epidemi\u00f2loga per l\u2019European Programme for Intervention Epidemiology Training (EPIET) l\u2019any 2004. Doctora en&hellip;","_links":{"self":[{"href":"https:\/\/icoprevencio.cat\/uct\/wp-json\/wp\/v2\/team\/10202","targetHints":{"allow":["GET"]}}],"collection":[{"href":"https:\/\/icoprevencio.cat\/uct\/wp-json\/wp\/v2\/team"}],"about":[{"href":"https:\/\/icoprevencio.cat\/uct\/wp-json\/wp\/v2\/types\/team"}],"author":[{"embeddable":true,"href":"https:\/\/icoprevencio.cat\/uct\/wp-json\/wp\/v2\/users\/28"}],"wp:featuredmedia":[{"embeddable":true,"href":"https:\/\/icoprevencio.cat\/uct\/wp-json\/wp\/v2\/media\/10203"}],"wp:attachment":[{"href":"https:\/\/icoprevencio.cat\/uct\/wp-json\/wp\/v2\/media?parent=10202"}],"wp:term":[{"taxonomy":"team_designation","embeddable":true,"href":"https:\/\/icoprevencio.cat\/uct\/wp-json\/wp\/v2\/team_designation?post=10202"},{"taxonomy":"team_department","embeddable":true,"href":"https:\/\/icoprevencio.cat\/uct\/wp-json\/wp\/v2\/team_department?post=10202"}],"curies":[{"name":"wp","href":"https:\/\/api.w.org\/{rel}","templated":true}]}}

<div class="default-left-side col-md-8 col-sm-8">
<div class="entry-right-side">
<div class="short-content">Llicenciada en Medicina i Cirurgia per la Universitat Autònoma de Barcelona (UAB) l’any 1983. Màster de Salut Pública per la London School of Hygiene and Tropical Medicine (LSHTM) l’any 1998. Especialista en Medicina Preventiva i Salut Pública per la UAB l’any 2002. Epidemiòloga per l’European Programme for Intervention Epidemiology Training (EPIET) l’any 2004. Doctora en Medicina Preventiva i Salut Pública per la UAB l’any 2015.</div>
<div></div>
<div class="short-content"><span style="font-size: 16px">Ha treballat en vigilància epidemiològica, investigacions de brots epidèmics i prevenció i control de malalties transmissibles, a l’Agència de protecció de la salut del Regne Unit. En projectes humanitaris i avaluacions de projectes amb Metges Sense Fronteres (MSF) i com a consultora en eradicació de la poliomielitis amb l’Organització Mundial de la Salut (OMS). Més recentment, a Catalunya, ha fet recerca operativa relacionada amb infeccions de transmissió sexual.</span></div>
<div class="short-content">
<div id="page-content-wrap">
<div id="main" class="container">
<div class="row">
<section class="col-md-12 col-sm-12">
<article id="post-5577" class="entry-post post-5577 member type-member status-publish has-post-thumbnail hentry member-cats-investigador member-cats-investigador-a-principal">
<div class="entry-content">
<p>&nbsp;</p>
<p>Actualment, és coinvestigadora principal de projectes de recerca sobre infeccions de transmissió sexual a l’atenció primària de l’Institut Català de la Salut (ICS) i l’Institut d’Investigació en Atenció Primària (IDIAP). Participa com a investigadora de la Unitat de Control del Tabac (UCT), en la “Joint Action on Tobacco Control” del 3er programa de la Comissió Europea, 2016-2019 ubicat a l’Institut Català d’Oncologia (ICO).</p>
</div>
</article>
</section>
</div>
</div>
</div>
<div id="footer-wrap">
<footer class="footer-content">
<div class="footer-widgets-content">
<div class="container">
<div class="row">
<div class="col-md-12 col-sm-12 footer-full-widget">
<div id="text-6" class="widget widget_text">
<div class="textwidget">
<div></div>
</div>
</div>
</div>
</div>
</div>
</div>
</footer>
</div>
</div>
</div>
</div>

Llicenciada en Medicina i Cirurgia per la Universitat Autònoma de Barcelona (UAB) l’any 1983. Màster de Salut Pública per la London School of Hygiene and Tropical Medicine (LSHTM) l’any 1998. Especialista en Medicina Preventiva i Salut Pública per la UAB l’any 2002. Epidemiòloga per l’European Programme for Intervention Epidemiology Training (EPIET) l’any 2004. Doctora en&hellip;
